CRAN Package Check Results for Package Rankcluster

Last updated on 2022-09-28 18:49:04 CEST.

Flavor Version Tinstall Tcheck Ttotal Status Flags
r-devel-linux-x86_64-debian-clang 0.94.5 56.64 50.62 107.26 WARN
r-devel-linux-x86_64-debian-gcc 0.94.5 49.66 39.84 89.50 OK
r-devel-linux-x86_64-fedora-clang 0.94.5 172.00 WARN
r-devel-linux-x86_64-fedora-gcc 0.94.5 159.91 OK
r-devel-windows-x86_64 0.94.5 78.00 127.00 205.00 OK
r-patched-linux-x86_64 0.94.5 50.28 49.40 99.68 OK
r-release-linux-x86_64 0.94.5 48.44 48.50 96.94 OK
r-release-macos-arm64 0.94.5 48.00 NOTE
r-release-macos-x86_64 0.94.5 58.00 OK
r-release-windows-x86_64 0.94.5 74.00 124.00 198.00 OK
r-oldrel-macos-arm64 0.94.5 62.00 NOTE
r-oldrel-macos-x86_64 0.94.5 76.00 OK
r-oldrel-windows-ix86+x86_64 0.94.5 142.00 108.00 250.00 OK

Additional issues

clang14

Check Details

Version: 0.94.5
Check: whether package can be installed
Result: WARN
    Found the following significant warnings:
     RankCluster.cpp:601:17: warning: use of bitwise '&' with boolean operands [-Wbitwise-instead-of-logical]
     test.cpp:34:17: warning: use of bitwise '&' with boolean operands [-Wbitwise-instead-of-logical]
Flavors: r-devel-linux-x86_64-debian-clang, r-devel-linux-x86_64-fedora-clang

Version: 0.94.5
Check: installed package size
Result: NOTE
     installed size is 5.1Mb
     sub-directories of 1Mb or more:
     libs 4.3Mb
Flavors: r-release-macos-arm64, r-oldrel-macos-arm64