Last updated on 2023-10-02 19:11:18 CEST.
Flavor | Version | Tinstall | Tcheck | Ttotal | Status | Flags |
---|---|---|---|---|---|---|
r-devel-linux-x86_64-debian-clang | 0.98.0 | 74.85 | 69.93 | 144.78 | OK | |
r-devel-linux-x86_64-debian-gcc | 0.98.0 | 51.04 | 57.45 | 108.49 | OK | |
r-devel-linux-x86_64-fedora-clang | 0.98.0 | 197.89 | OK | |||
r-devel-linux-x86_64-fedora-gcc | 0.98.0 | 214.79 | OK | |||
r-devel-windows-x86_64 | 0.98.0 | 55.00 | 143.00 | 198.00 | OK | |
r-patched-linux-x86_64 | 0.98.0 | 65.64 | 72.09 | 137.73 | OK | |
r-release-linux-x86_64 | 0.98.0 | 72.52 | 72.17 | 144.69 | OK | |
r-release-macos-arm64 | 0.98.0 | 77.00 | NOTE | |||
r-release-macos-x86_64 | 0.98.0 | 173.00 | NOTE | |||
r-release-windows-x86_64 | 0.98.0 | 74.00 | 148.00 | 222.00 | OK | |
r-oldrel-macos-arm64 | 0.98.0 | 69.00 | NOTE | |||
r-oldrel-macos-x86_64 | 0.98.0 | 82.00 | NOTE | |||
r-oldrel-windows-x86_64 | 0.98.0 | 67.00 | 145.00 | 212.00 | OK |
Version: 0.98.0
Check: installed package size
Result: NOTE
installed size is 5.4Mb
sub-directories of 1Mb or more:
libs 4.8Mb
Flavors: r-release-macos-arm64, r-release-macos-x86_64, r-oldrel-macos-arm64, r-oldrel-macos-x86_64