CRAN Package Check Results for Package Rankcluster

Last updated on 2020-10-28 19:47:55 CET.

Flavor Version Tinstall Tcheck Ttotal Status Flags
r-devel-linux-x86_64-debian-clang 0.94.4 57.52 46.66 104.18 OK
r-devel-linux-x86_64-debian-gcc 0.94.4 46.91 36.77 83.68 OK
r-devel-linux-x86_64-fedora-clang 0.94.4 159.93 NOTE
r-devel-linux-x86_64-fedora-gcc 0.94.4 142.09 OK
r-devel-windows-ix86+x86_64 0.94.4 138.00 98.00 236.00 OK
r-patched-linux-x86_64 0.94.4 OK
r-patched-solaris-x86 0.94.4 146.20 OK
r-release-linux-x86_64 0.94.4 58.82 45.80 104.62 OK
r-release-macos-x86_64 0.94.4 OK
r-release-windows-ix86+x86_64 0.94.4 107.00 76.00 183.00 OK
r-oldrel-macos-x86_64 0.94.4 OK
r-oldrel-windows-ix86+x86_64 0.94.4 122.00 90.00 212.00 OK

Check Details

Version: 0.94.4
Check: installed package size
Result: NOTE
     installed size is 5.9Mb
     sub-directories of 1Mb or more:
     libs 5.1Mb
Flavor: r-devel-linux-x86_64-fedora-clang