CRAN Package Check Results for Package RaMS

Last updated on 2022-10-06 12:55:34 CEST.

Flavor Version Tinstall Tcheck Ttotal Status Flags
r-devel-linux-x86_64-debian-clang 1.0.0 3.78 112.27 116.05 NOTE
r-devel-linux-x86_64-debian-gcc 1.0.0 3.02 78.63 81.65 NOTE
r-devel-linux-x86_64-fedora-clang 1.0.0 153.72 NOTE
r-devel-linux-x86_64-fedora-gcc 1.0.0 136.59 NOTE
r-devel-windows-x86_64 1.0.0 21.00 153.00 174.00 NOTE
r-patched-linux-x86_64 1.0.0 3.54 102.17 105.71 NOTE
r-release-linux-x86_64 1.0.0 3.39 101.97 105.36 NOTE
r-release-macos-arm64 1.0.0 49.00 NOTE
r-release-macos-x86_64 1.0.0 67.00 NOTE
r-release-windows-x86_64 1.0.0 29.00 149.00 178.00 NOTE
r-oldrel-macos-arm64 1.0.0 59.00 NOTE
r-oldrel-macos-x86_64 1.0.0 85.00 NOTE
r-oldrel-windows-ix86+x86_64 1.0.0 9.00 142.00 151.00 NOTE

Check Details

Version: 1.0.0
Check: LazyData
Result: NOTE
     'LazyData' is specified without a 'data' directory
Flavors: r-devel-linux-x86_64-debian-clang, r-devel-linux-x86_64-debian-gcc, r-devel-linux-x86_64-fedora-clang, r-devel-linux-x86_64-fedora-gcc, r-devel-windows-x86_64, r-patched-linux-x86_64, r-release-linux-x86_64, r-release-macos-arm64, r-release-macos-x86_64, r-release-windows-x86_64, r-oldrel-macos-arm64, r-oldrel-macos-x86_64, r-oldrel-windows-ix86+x86_64