CRAN Package Check Results for Package RZigZag

Last updated on 2022-09-29 00:53:00 CEST.

Flavor Version Tinstall Tcheck Ttotal Status Flags
r-devel-linux-x86_64-debian-clang 0.2.1 97.97 29.06 127.03 OK
r-devel-linux-x86_64-debian-gcc 0.2.1 76.11 24.71 100.82 OK
r-devel-linux-x86_64-fedora-clang 0.2.1 208.33 OK
r-devel-linux-x86_64-fedora-gcc 0.2.1 187.86 OK
r-devel-windows-x86_64 0.2.1 74.00 80.00 154.00 OK
r-patched-linux-x86_64 0.2.1 84.79 29.40 114.19 OK
r-release-linux-x86_64 0.2.1 81.15 29.41 110.56 OK
r-release-macos-arm64 0.2.1 48.00 NOTE
r-release-macos-x86_64 0.2.1 60.00 NOTE
r-release-windows-x86_64 0.2.1 81.00 80.00 161.00 OK
r-oldrel-macos-arm64 0.2.1 54.00 NOTE
r-oldrel-macos-x86_64 0.2.1 85.00 NOTE
r-oldrel-windows-ix86+x86_64 0.2.1 247.00 78.00 325.00 OK

Check Details

Version: 0.2.1
Check: installed package size
Result: NOTE
     installed size is 16.1Mb
     sub-directories of 1Mb or more:
     libs 16.0Mb
Flavors: r-release-macos-arm64, r-release-macos-x86_64, r-oldrel-macos-arm64, r-oldrel-macos-x86_64