CRAN Package Check Results for Package RZabbix

Last updated on 2022-10-04 07:49:59 CEST.

Flavor Version Tinstall Tcheck Ttotal Status Flags
r-devel-linux-x86_64-debian-clang 0.1.0 1.37 24.29 25.66 NOTE
r-devel-linux-x86_64-debian-gcc 0.1.0 1.47 18.63 20.10 NOTE
r-devel-linux-x86_64-fedora-clang 0.1.0 43.95 NOTE
r-devel-linux-x86_64-fedora-gcc 0.1.0 42.64 NOTE
r-devel-windows-x86_64 0.1.0 7.00 48.00 55.00 NOTE
r-patched-linux-x86_64 0.1.0 5.24 22.72 27.96 NOTE
r-release-linux-x86_64 0.1.0 1.97 22.96 24.93 NOTE
r-release-macos-arm64 0.1.0 17.00 NOTE
r-release-macos-x86_64 0.1.0 22.00 NOTE
r-release-windows-x86_64 0.1.0 7.00 48.00 55.00 NOTE
r-oldrel-macos-arm64 0.1.0 20.00 NOTE
r-oldrel-macos-x86_64 0.1.0 26.00 NOTE
r-oldrel-windows-ix86+x86_64 0.1.0 5.00 47.00 52.00 NOTE

Check Details

Version: 0.1.0
Check: LazyData
Result: NOTE
     'LazyData' is specified without a 'data' directory
Flavors: r-devel-linux-x86_64-debian-clang, r-devel-linux-x86_64-debian-gcc, r-devel-linux-x86_64-fedora-clang, r-devel-linux-x86_64-fedora-gcc, r-devel-windows-x86_64, r-patched-linux-x86_64, r-release-linux-x86_64, r-release-macos-arm64, r-release-macos-x86_64, r-release-windows-x86_64, r-oldrel-macos-arm64, r-oldrel-macos-x86_64, r-oldrel-windows-ix86+x86_64