CRAN Package Check Results for Package RYandexTranslate

Last updated on 2022-09-26 19:50:48 CEST.

Flavor Version Tinstall Tcheck Ttotal Status Flags
r-devel-linux-x86_64-debian-clang 1.0 2.24 29.75 31.99 NOTE
r-devel-linux-x86_64-debian-gcc 1.0 2.32 23.09 25.41 NOTE
r-devel-linux-x86_64-fedora-clang 1.0 51.25 NOTE
r-devel-linux-x86_64-fedora-gcc 1.0 50.83 NOTE
r-devel-windows-x86_64 1.0 22.00 57.00 79.00 NOTE
r-patched-linux-x86_64 1.0 3.06 28.90 31.96 NOTE
r-release-linux-x86_64 1.0 2.34 27.93 30.27 NOTE
r-release-macos-arm64 1.0 17.00 NOTE
r-release-macos-x86_64 1.0 23.00 NOTE
r-release-windows-x86_64 1.0 19.00 57.00 76.00 NOTE
r-oldrel-macos-arm64 1.0 19.00 NOTE
r-oldrel-macos-x86_64 1.0 29.00 NOTE
r-oldrel-windows-ix86+x86_64 1.0 7.00 52.00 59.00 NOTE

Check Details

Version: 1.0
Check: LazyData
Result: NOTE
     'LazyData' is specified without a 'data' directory
Flavors: r-devel-linux-x86_64-debian-clang, r-devel-linux-x86_64-debian-gcc, r-devel-linux-x86_64-fedora-clang, r-devel-linux-x86_64-fedora-gcc, r-devel-windows-x86_64, r-patched-linux-x86_64, r-release-linux-x86_64, r-release-macos-arm64, r-release-macos-x86_64, r-release-windows-x86_64, r-oldrel-macos-arm64, r-oldrel-macos-x86_64, r-oldrel-windows-ix86+x86_64