CRAN Package Check Results for Package RWekajars

Last updated on 2022-10-04 07:49:59 CEST.

Flavor Version Tinstall Tcheck Ttotal Status Flags
r-devel-linux-x86_64-debian-clang 3.9.3-2 4.45 28.64 33.09 OK
r-devel-linux-x86_64-debian-gcc 3.9.3-2 3.08 21.66 24.74 OK
r-devel-linux-x86_64-fedora-clang 3.9.3-2 51.47 NOTE
r-devel-linux-x86_64-fedora-gcc 3.9.3-2 52.04 OK
r-devel-windows-x86_64 3.9.3-2 10.00 44.00 54.00 NOTE
r-patched-linux-x86_64 3.9.3-2 4.36 27.54 31.90 OK
r-release-linux-x86_64 3.9.3-2 4.55 27.55 32.10 OK
r-release-macos-arm64 3.9.3-2 16.00 NOTE
r-release-macos-x86_64 3.9.3-2 25.00 NOTE
r-release-windows-x86_64 3.9.3-2 7.00 44.00 51.00 NOTE
r-oldrel-macos-arm64 3.9.3-2 25.00 NOTE
r-oldrel-macos-x86_64 3.9.3-2 30.00 NOTE
r-oldrel-windows-ix86+x86_64 3.9.3-2 9.00 41.00 50.00 NOTE

Check Details

Version: 3.9.3-2
Check: installed package size
Result: NOTE
     installed size is 10.8Mb
     sub-directories of 1Mb or more:
     java 10.7Mb
Flavors: r-devel-linux-x86_64-fedora-clang, r-devel-windows-x86_64, r-release-macos-arm64, r-release-macos-x86_64, r-release-windows-x86_64, r-oldrel-macos-arm64, r-oldrel-macos-x86_64, r-oldrel-windows-ix86+x86_64