Last updated on 2022-08-09 00:52:32 CEST.
Flavor | Version | Tinstall | Tcheck | Ttotal | Status | Flags |
---|---|---|---|---|---|---|
r-devel-linux-x86_64-debian-clang | 1.2.0 | 53.85 | 124.16 | 178.01 | OK | |
r-devel-linux-x86_64-debian-gcc | 1.2.0 | 42.44 | 91.33 | 133.77 | OK | |
r-devel-linux-x86_64-fedora-clang | 1.2.0 | 247.76 | NOTE | |||
r-devel-linux-x86_64-fedora-gcc | 1.2.0 | 231.70 | NOTE | |||
r-devel-windows-x86_64 | 1.2.0 | 65.00 | 175.00 | 240.00 | OK | |
r-patched-linux-x86_64 | 1.2.0 | 47.42 | 114.08 | 161.50 | OK | |
r-release-linux-x86_64 | 1.2.0 | OK | ||||
r-release-macos-arm64 | 1.2.0 | 67.00 | NOTE | |||
r-release-macos-x86_64 | 1.2.0 | 84.00 | NOTE | |||
r-release-windows-x86_64 | 1.2.0 | 76.00 | 173.00 | 249.00 | OK | |
r-oldrel-macos-arm64 | 1.2.0 | 59.00 | NOTE | |||
r-oldrel-macos-x86_64 | 1.2.0 | 86.00 | NOTE | |||
r-oldrel-windows-ix86+x86_64 | 1.2.0 | 117.00 | 239.00 | 356.00 | OK |
Version: 1.2.0
Check: package dependencies
Result: NOTE
Imports includes 21 non-default packages.
Importing from so many packages makes the package vulnerable to any of
them becoming unavailable. Move as many as possible to Suggests and
use conditionally.
Flavor: r-devel-linux-x86_64-fedora-clang
Version: 1.2.0
Check: data for non-ASCII characters
Result: NOTE
Note: found 9 marked UTF-8 strings
Flavors: r-devel-linux-x86_64-fedora-clang, r-devel-linux-x86_64-fedora-gcc, r-release-macos-arm64, r-release-macos-x86_64, r-oldrel-macos-arm64, r-oldrel-macos-x86_64