CRAN Package Check Results for Package RSwissMaps

Last updated on 2020-08-05 13:49:35 CEST.

Flavor Version Tinstall Tcheck Ttotal Status Flags
r-devel-linux-x86_64-debian-clang 0.1.0.1 5.55 49.62 55.17 NOTE
r-devel-linux-x86_64-debian-gcc 0.1.0.1 4.72 36.73 41.45 NOTE
r-devel-linux-x86_64-fedora-clang 0.1.0.1 72.69 NOTE
r-devel-linux-x86_64-fedora-gcc 0.1.0.1 63.67 NOTE
r-devel-windows-ix86+x86_64 0.1.0.1 14.00 78.00 92.00 NOTE
r-patched-linux-x86_64 0.1.0.1 5.69 48.30 53.99 NOTE
r-patched-solaris-x86 0.1.0.1 92.40 NOTE
r-release-linux-x86_64 0.1.0.1 4.66 47.76 52.42 NOTE
r-release-macos-x86_64 0.1.0.1 NOTE
r-release-windows-ix86+x86_64 0.1.0.1 14.00 57.00 71.00 NOTE
r-oldrel-macos-x86_64 0.1.0.1 NOTE
r-oldrel-windows-ix86+x86_64 0.1.0.1 7.00 56.00 63.00 OK

Check Details

Version: 0.1.0.1
Check: package vignettes
Result: NOTE
    Package vignette with placeholder title 'Vignette Title':
     'vignette.Rmd'
Flavors: r-devel-linux-x86_64-debian-clang, r-devel-linux-x86_64-debian-gcc, r-devel-windows-ix86+x86_64, r-patched-linux-x86_64, r-release-linux-x86_64, r-release-windows-ix86+x86_64

Version: 0.1.0.1
Check: for non-standard things in the check directory
Result: NOTE
    Found the following files/directories:
     'mapCH2017.rda'
Flavors: r-devel-linux-x86_64-debian-clang, r-devel-linux-x86_64-debian-gcc, r-devel-linux-x86_64-fedora-clang, r-devel-linux-x86_64-fedora-gcc, r-patched-linux-x86_64, r-patched-solaris-x86, r-release-linux-x86_64

Version: 0.1.0.1
Check: data for non-ASCII characters
Result: NOTE
     Note: found 18627 marked UTF-8 strings
Flavors: r-devel-linux-x86_64-fedora-clang, r-devel-linux-x86_64-fedora-gcc, r-patched-solaris-x86, r-release-macos-x86_64, r-oldrel-macos-x86_64