CRAN Package Check Results for Package RStripe

Last updated on 2022-09-28 00:52:53 CEST.

Flavor Version Tinstall Tcheck Ttotal Status Flags
r-devel-linux-x86_64-debian-clang 0.1 3.68 38.56 42.24 NOTE
r-devel-linux-x86_64-debian-gcc 0.1 3.24 29.73 32.97 NOTE
r-devel-linux-x86_64-fedora-clang 0.1 64.40 NOTE
r-devel-linux-x86_64-fedora-gcc 0.1 63.98 NOTE
r-devel-windows-x86_64 0.1 38.00 78.00 116.00 NOTE
r-patched-linux-x86_64 0.1 4.63 35.21 39.84 NOTE
r-release-linux-x86_64 0.1 2.89 35.54 38.43 NOTE
r-release-macos-arm64 0.1 20.00 NOTE
r-release-macos-x86_64 0.1 29.00 NOTE
r-release-windows-x86_64 0.1 44.00 66.00 110.00 NOTE
r-oldrel-macos-arm64 0.1 22.00 NOTE
r-oldrel-macos-x86_64 0.1 30.00 NOTE
r-oldrel-windows-ix86+x86_64 0.1 9.00 60.00 69.00 NOTE

Check Details

Version: 0.1
Check: LazyData
Result: NOTE
     'LazyData' is specified without a 'data' directory
Flavors: r-devel-linux-x86_64-debian-clang, r-devel-linux-x86_64-debian-gcc, r-devel-linux-x86_64-fedora-clang, r-devel-linux-x86_64-fedora-gcc, r-devel-windows-x86_64, r-patched-linux-x86_64, r-release-linux-x86_64, r-release-macos-arm64, r-release-macos-x86_64, r-release-windows-x86_64, r-oldrel-macos-arm64, r-oldrel-macos-x86_64, r-oldrel-windows-ix86+x86_64