Last updated on 2023-01-31 00:51:11 CET.
Flavor | Version | Tinstall | Tcheck | Ttotal | Status | Flags |
---|---|---|---|---|---|---|
r-devel-linux-x86_64-debian-clang | 0.16-1 | 176.29 | 77.72 | 254.01 | OK | |
r-devel-linux-x86_64-debian-gcc | 0.16-1 | 176.04 | 64.93 | 240.97 | OK | |
r-devel-linux-x86_64-fedora-clang | 0.16-1 | 330.54 | OK | |||
r-devel-linux-x86_64-fedora-gcc | 0.16-1 | 413.98 | OK | |||
r-devel-windows-x86_64 | 0.16-1 | 160.00 | 147.00 | 307.00 | OK | |
r-patched-linux-x86_64 | 0.16-1 | 175.06 | 80.22 | 255.28 | OK | |
r-release-linux-x86_64 | 0.16-1 | 175.11 | 81.48 | 256.59 | OK | |
r-release-macos-arm64 | 0.16-1 | 90.00 | NOTE | |||
r-release-macos-x86_64 | 0.16-1 | 174.00 | NOTE | |||
r-release-windows-x86_64 | 0.16-1 | 166.00 | 145.00 | 311.00 | OK | |
r-oldrel-macos-arm64 | 0.16-1 | 89.00 | NOTE | |||
r-oldrel-macos-x86_64 | 0.16-1 | 126.00 | NOTE | |||
r-oldrel-windows-ix86+x86_64 | 0.16-1 | 393.00 | 149.00 | 542.00 | OK |
Version: 0.16-1
Check: installed package size
Result: NOTE
installed size is 44.9Mb
sub-directories of 1Mb or more:
libs 44.3Mb
Flavors: r-release-macos-arm64, r-release-macos-x86_64, r-oldrel-macos-arm64, r-oldrel-macos-x86_64