CRAN Package Check Results for Package RSpectra

Last updated on 2022-08-14 12:53:29 CEST.

Flavor Version Tinstall Tcheck Ttotal Status Flags
r-devel-linux-x86_64-debian-clang 0.16-1 164.37 76.37 240.74 OK
r-devel-linux-x86_64-debian-gcc 0.16-1 170.17 62.52 232.69 OK
r-devel-linux-x86_64-fedora-clang 0.16-1 377.12 NOTE
r-devel-linux-x86_64-fedora-gcc 0.16-1 386.88 OK
r-devel-windows-x86_64 0.16-1 134.00 130.00 264.00 OK
r-patched-linux-x86_64 0.16-1 166.28 79.68 245.96 OK
r-release-linux-x86_64 0.16-1 176.63 78.09 254.72 OK
r-release-macos-arm64 0.16-1 90.00 NOTE
r-release-macos-x86_64 0.16-1 174.00 NOTE
r-release-windows-x86_64 0.16-1 271.00 132.00 403.00 OK
r-oldrel-macos-arm64 0.16-1 89.00 NOTE
r-oldrel-macos-x86_64 0.16-1 126.00 NOTE
r-oldrel-windows-ix86+x86_64 0.16-1 397.00 140.00 537.00 OK

Check Details

Version: 0.16-1
Check: installed package size
Result: NOTE
     installed size is 38.3Mb
     sub-directories of 1Mb or more:
     libs 37.7Mb
Flavors: r-devel-linux-x86_64-fedora-clang, r-release-macos-arm64, r-release-macos-x86_64, r-oldrel-macos-arm64, r-oldrel-macos-x86_64