Last updated on 2022-08-13 21:52:59 CEST.
Flavor | Version | Tinstall | Tcheck | Ttotal | Status | Flags |
---|---|---|---|---|---|---|
r-devel-linux-x86_64-debian-clang | 2.2.15 | 270.08 | 84.02 | 354.10 | OK | |
r-devel-linux-x86_64-debian-gcc | 2.2.15 | 213.86 | 63.04 | 276.90 | OK | |
r-devel-linux-x86_64-fedora-clang | 2.2.15 | 511.60 | OK | |||
r-devel-linux-x86_64-fedora-gcc | 2.2.15 | 457.01 | OK | |||
r-devel-windows-x86_64 | 2.2.15 | 772.00 | 167.00 | 939.00 | OK | |
r-patched-linux-x86_64 | 2.2.15 | 236.96 | 77.39 | 314.35 | OK | |
r-release-linux-x86_64 | 2.2.15 | 240.39 | 78.08 | 318.47 | OK | |
r-release-macos-arm64 | 2.2.15 | 110.00 | NOTE | |||
r-release-macos-x86_64 | 2.2.15 | 157.00 | NOTE | |||
r-release-windows-x86_64 | 2.2.15 | 850.00 | 171.00 | 1021.00 | OK | |
r-oldrel-macos-arm64 | 2.2.15 | 101.00 | NOTE | |||
r-oldrel-macos-x86_64 | 2.2.15 | 149.00 | NOTE | |||
r-oldrel-windows-ix86+x86_64 | 2.2.15 | 656.00 | 162.00 | 818.00 | NOTE |
Version: 2.2.15
Check: installed package size
Result: NOTE
installed size is 12.6Mb
sub-directories of 1Mb or more:
libs 11.9Mb
Flavors: r-release-macos-arm64, r-release-macos-x86_64, r-oldrel-macos-arm64, r-oldrel-macos-x86_64, r-oldrel-windows-ix86+x86_64