CRAN Package Check Results for Package RSNNS

Last updated on 2020-12-04 19:48:40 CET.

Flavor Version Tinstall Tcheck Ttotal Status Flags
r-devel-linux-x86_64-debian-clang 0.4-12 83.38 52.19 135.57 OK
r-devel-linux-x86_64-debian-gcc 0.4-12 57.29 39.88 97.17 OK
r-devel-linux-x86_64-fedora-clang 0.4-12 243.79 NOTE
r-devel-linux-x86_64-fedora-gcc 0.4-12 174.02 OK
r-devel-windows-ix86+x86_64 0.4-12 213.00 118.00 331.00 WARN
r-patched-linux-x86_64 0.4-12 68.98 50.63 119.61 OK
r-patched-solaris-x86 0.4-12 168.30 OK
r-release-linux-x86_64 0.4-12 68.84 50.57 119.41 OK
r-release-macos-x86_64 0.4-12 NOTE
r-release-windows-ix86+x86_64 0.4-12 170.00 119.00 289.00 WARN
r-oldrel-macos-x86_64 0.4-12 NOTE
r-oldrel-windows-ix86+x86_64 0.4-12 176.00 109.00 285.00 OK

Check Details

Version: 0.4-12
Check: installed package size
Result: NOTE
     installed size is 7.6Mb
     sub-directories of 1Mb or more:
     libs 6.5Mb
Flavors: r-devel-linux-x86_64-fedora-clang, r-release-macos-x86_64, r-oldrel-macos-x86_64

Version: 0.4-12
Check: whether package can be installed
Result: WARN
    Found the following significant warnings:
     kr_io.cpp:891:9: warning: 'char* strcat(char*, const char*)' accessing 631 or more bytes at offsets 6607 and 7237 may overlap 1 byte at offset 7237 [-Wrestrict]
     kr_io.cpp:868:9: warning: 'char* strcat(char*, const char*)' accessing 631 or more bytes at offsets 6607 and 7237 may overlap 1 byte at offset 7237 [-Wrestrict]
     kr_io.cpp:891:9: warning: 'char* strcat(char*, const char*)' accessing 631 or more bytes at offsets 6719 and 7349 may overlap 1 byte at offset 7349 [-Wrestrict]
     kr_io.cpp:868:9: warning: 'char* strcat(char*, const char*)' accessing 631 or more bytes at offsets 6719 and 7349 may overlap 1 byte at offset 7349 [-Wrestrict]
Flavors: r-devel-windows-ix86+x86_64, r-release-windows-ix86+x86_64