CRAN Package Check Results for Package RSKC

Last updated on 2024-04-19 12:59:31 CEST.

Flavor Version Tinstall Tcheck Ttotal Status Flags
r-devel-linux-x86_64-debian-clang 2.4.2 6.74 44.09 50.83 OK
r-devel-linux-x86_64-debian-gcc 2.4.2 OK
r-devel-linux-x86_64-fedora-clang 2.4.2 63.11 NOTE
r-devel-linux-x86_64-fedora-gcc 2.4.2 61.17 NOTE
r-prerel-macos-arm64 2.4.2 23.00 OK
r-prerel-windows-x86_64 2.4.2 7.00 56.00 63.00 OK
r-patched-linux-x86_64 2.4.2 7.22 41.84 49.06 OK
r-release-linux-x86_64 2.4.2 6.77 43.88 50.65 OK
r-release-macos-arm64 2.4.2 22.00 OK
r-release-macos-x86_64 2.4.2 40.00 OK
r-release-windows-x86_64 2.4.2 8.00 60.00 68.00 OK
r-oldrel-macos-arm64 2.4.2 23.00 OK
r-oldrel-windows-x86_64 2.4.2 10.00 65.00 75.00 OK

Check Details

Version: 2.4.2
Check: compiled code
Result: NOTE File ‘RSKC/libs/RSKC.so’: Found no calls to: ‘R_registerRoutines’, ‘R_useDynamicSymbols’ It is good practice to register native routines and to disable symbol search. See ‘Writing portable packages’ in the ‘Writing R Extensions’ manual. Flavors: r-devel-linux-x86_64-fedora-clang, r-devel-linux-x86_64-fedora-gcc