CRAN Package Check Results for Package RPostgres

Last updated on 2022-09-27 00:51:13 CEST.

Flavor Version Tinstall Tcheck Ttotal Status Flags
r-devel-linux-x86_64-debian-clang 1.4.4 165.86 66.01 231.87 OK
r-devel-linux-x86_64-debian-gcc 1.4.4 131.59 51.64 183.23 OK
r-devel-linux-x86_64-fedora-clang 1.4.4 373.95 OK
r-devel-linux-x86_64-fedora-gcc 1.4.4 306.81 OK
r-devel-windows-x86_64 1.4.4 1683.00 361.00 2044.00 OK
r-patched-linux-x86_64 1.4.4 142.64 64.81 207.45 OK
r-release-linux-x86_64 1.4.4 127.56 64.24 191.80 OK
r-release-macos-arm64 1.4.4 91.00 NOTE
r-release-macos-x86_64 1.4.4 132.00 NOTE
r-release-windows-x86_64 1.4.4 869.00 362.00 1231.00 OK
r-oldrel-macos-arm64 1.4.4 90.00 NOTE
r-oldrel-macos-x86_64 1.4.4 110.00 NOTE
r-oldrel-windows-ix86+x86_64 1.4.4 794.00 199.00 993.00 NOTE

Check Details

Version: 1.4.4
Check: installed package size
Result: NOTE
     installed size is 7.2Mb
     sub-directories of 1Mb or more:
     libs 6.7Mb
Flavors: r-release-macos-arm64, r-release-macos-x86_64, r-oldrel-macos-arm64, r-oldrel-macos-x86_64, r-oldrel-windows-ix86+x86_64