CRAN Package Check Results for Package RPhosFate

Last updated on 2023-02-08 12:57:20 CET.

Flavor Version Tinstall Tcheck Ttotal Status Flags
r-devel-linux-x86_64-debian-clang 1.0.2 90.86 638.69 729.55 NOTE
r-devel-linux-x86_64-debian-gcc 1.0.2 72.97 511.40 584.37 NOTE
r-devel-linux-x86_64-fedora-clang 1.0.2 898.66 NOTE
r-devel-linux-x86_64-fedora-gcc 1.0.2 957.84 NOTE
r-devel-windows-x86_64 1.0.2 141.00 751.00 892.00 NOTE
r-patched-linux-x86_64 1.0.2 62.66 606.97 669.63 OK
r-release-linux-x86_64 1.0.2 67.37 611.63 679.00 OK
r-release-macos-arm64 1.0.2 119.00 OK
r-release-macos-x86_64 1.0.2 201.00 OK
r-release-windows-x86_64 1.0.2 174.00 781.00 955.00 OK
r-oldrel-macos-arm64 1.0.2 119.00 OK
r-oldrel-macos-x86_64 1.0.2 195.00 OK
r-oldrel-windows-ix86+x86_64 1.0.2 233.00 1153.00 1386.00 OK

Additional issues

donttest

Check Details

Version: 1.0.2
Check: C++ specification
Result: NOTE
     Specified C++11: please update to current default of C++17
Flavors: r-devel-linux-x86_64-debian-clang, r-devel-windows-x86_64

Version: 1.0.2
Check: C++ specification
Result: NOTE
     Specified C++11: please drop specification unless essential
Flavors: r-devel-linux-x86_64-debian-gcc, r-devel-linux-x86_64-fedora-clang, r-devel-linux-x86_64-fedora-gcc

Version: 1.0.2
Check: Rd cross-references
Result: NOTE
    Undeclared package ‘sp’ in Rd xrefs
Flavor: r-devel-linux-x86_64-fedora-clang