CRAN Package Check Results for Package RPS

Last updated on 2020-10-26 13:47:08 CET.

Flavor Version Tinstall Tcheck Ttotal Status Flags
r-devel-linux-x86_64-debian-clang 1.0.1 8.02 110.72 118.74 OK
r-devel-linux-x86_64-debian-gcc 1.0.1 7.12 78.68 85.80 OK
r-devel-linux-x86_64-fedora-clang 1.0.1 143.62 NOTE
r-devel-linux-x86_64-fedora-gcc 1.0.1 133.94 NOTE
r-devel-windows-ix86+x86_64 1.0.1 19.00 130.00 149.00 OK
r-patched-linux-x86_64 1.0.1 8.49 98.69 107.18 OK
r-patched-solaris-x86 1.0.1 173.00 NOTE
r-release-linux-x86_64 1.0.1 8.75 100.02 108.77 OK
r-release-macos-x86_64 1.0.1 NOTE
r-release-windows-ix86+x86_64 1.0.1 16.00 94.00 110.00 OK
r-oldrel-macos-x86_64 1.0.1 NOTE
r-oldrel-windows-ix86+x86_64 1.0.1 16.00 127.00 143.00 OK

Check Details

Version: 1.0.1
Check: dependencies in R code
Result: NOTE
    Namespaces in Imports field not imported from:
     ‘ape’ ‘igraph’
     All declared Imports should be used.
Flavors: r-devel-linux-x86_64-fedora-clang, r-devel-linux-x86_64-fedora-gcc, r-patched-solaris-x86, r-release-macos-x86_64, r-oldrel-macos-x86_64