CRAN Package Check Results for Package RPEGLMEN

Last updated on 2020-05-30 13:51:35 CEST.

Flavor Version Tinstall Tcheck Ttotal Status Flags
r-devel-linux-x86_64-debian-clang 1.0.1 48.39 36.80 85.19 OK
r-devel-linux-x86_64-debian-gcc 1.0.1 35.84 29.63 65.47 OK
r-devel-linux-x86_64-fedora-clang 1.0.1 124.17 NOTE
r-devel-linux-x86_64-fedora-gcc 1.0.1 105.86 OK
r-devel-windows-ix86+x86_64 1.0.1 118.00 76.00 194.00 OK
r-patched-linux-x86_64 1.0.1 38.82 38.12 76.94 OK
r-patched-solaris-x86 1.0.1 115.30 OK
r-release-linux-x86_64 1.0.1 34.18 37.88 72.06 OK
r-release-osx-x86_64 1.0.1 NOTE
r-release-windows-ix86+x86_64 1.0.1 90.00 96.00 186.00 OK
r-oldrel-osx-x86_64 1.0.1 NOTE
r-oldrel-windows-ix86+x86_64 1.0.1 97.00 72.00 169.00 OK

Check Details

Version: 1.0.1
Check: installed package size
Result: NOTE
     installed size is 6.7Mb
     sub-directories of 1Mb or more:
     libs 6.3Mb
Flavors: r-devel-linux-x86_64-fedora-clang, r-release-osx-x86_64, r-oldrel-osx-x86_64