CRAN Package Check Results for Package RNiftyReg

Last updated on 2022-10-06 12:55:36 CEST.

Flavor Version Tinstall Tcheck Ttotal Status Flags
r-devel-linux-x86_64-debian-clang 2.7.0 633.45 59.34 692.79 OK
r-devel-linux-x86_64-debian-gcc 2.7.0 419.46 52.12 471.58 OK
r-devel-linux-x86_64-fedora-clang 2.7.0 865.38 NOTE
r-devel-linux-x86_64-fedora-gcc 2.7.0 804.24 OK
r-devel-windows-x86_64 2.7.0 379.00 116.00 495.00 WARN
r-patched-linux-x86_64 2.7.0 434.37 64.82 499.19 OK
r-release-linux-x86_64 2.7.0 434.01 63.84 497.85 OK
r-release-macos-arm64 2.7.0 195.00 NOTE
r-release-macos-x86_64 2.7.0 221.00 NOTE
r-release-windows-x86_64 2.7.0 369.00 113.00 482.00 NOTE
r-oldrel-macos-arm64 2.7.0 199.00 NOTE
r-oldrel-macos-x86_64 2.7.0 315.00 NOTE
r-oldrel-windows-ix86+x86_64 2.7.0 1251.00 142.00 1393.00 NOTE

Check Details

Version: 2.7.0
Check: installed package size
Result: NOTE
     installed size is 5.4Mb
     sub-directories of 1Mb or more:
     extdata 2.0Mb
     libs 3.2Mb
Flavors: r-devel-linux-x86_64-fedora-clang, r-devel-windows-x86_64, r-release-macos-arm64, r-release-macos-x86_64, r-release-windows-x86_64, r-oldrel-macos-arm64, r-oldrel-macos-x86_64, r-oldrel-windows-ix86+x86_64

Version: 2.7.0
Check: whether package can be installed
Result: WARN
    Found the following significant warnings:
     reg-lib/cpu/_reg_maths.cpp:127:93: warning: format '%lu' expects argument of type 'long unsigned int', but argument 3 has type 'size_t' {aka 'long long unsigned int'} [-Wformat=]
     reg-lib/cpu/_reg_maths.cpp:127:97: warning: format '%lu' expects argument of type 'long unsigned int', but argument 4 has type 'size_t' {aka 'long long unsigned int'} [-Wformat=]
     reg-lib/cpu/_reg_maths.cpp:127:103: warning: format '%lu' expects argument of type 'long unsigned int', but argument 5 has type 'size_t' {aka 'long long unsigned int'} [-Wformat=]
     reg-lib/cpu/_reg_maths.cpp:127:107: warning: format '%lu' expects argument of type 'long unsigned int', but argument 6 has type 'size_t' {aka 'long long unsigned int'} [-Wformat=]
     reg-lib/cpu/_reg_maths.cpp:240:97: warning: format '%lu' expects argument of type 'long unsigned int', but argument 3 has type 'size_t' {aka 'long long unsigned int'} [-Wformat=]
     reg-lib/cpu/_reg_maths.cpp:240:101: warning: format '%lu' expects argument of type 'long unsigned int', but argument 4 has type 'size_t' {aka 'long long unsigned int'} [-Wformat=]
     reg-lib/cpu/_reg_maths.cpp:240:107: warning: format '%lu' expects argument of type 'long unsigned int', but argument 5 has type 'size_t' {aka 'long long unsigned int'} [-Wformat=]
     reg-lib/cpu/_reg_maths.cpp:240:111: warning: format '%lu' expects argument of type 'long unsigned int', but argument 6 has type 'size_t' {aka 'long long unsigned int'} [-Wformat=]
     reg-lib/cpu/_reg_maths.cpp:266:97: warning: format '%lu' expects argument of type 'long unsigned int', but argument 3 has type 'size_t' {aka 'long long unsigned int'} [-Wformat=]
     reg-lib/cpu/_reg_maths.cpp:266:101: warning: format '%lu' expects argument of type 'long unsigned int', but argument 4 has type 'size_t' {aka 'long long unsigned int'} [-Wformat=]
     reg-lib/cpu/_reg_maths.cpp:266:107: warning: format '%lu' expects argument of type 'long unsigned int', but argument 5 has type 'size_t' {aka 'long long unsigned int'} [-Wformat=]
     reg-lib/cpu/_reg_maths.cpp:266:111: warning: format '%lu' expects argument of type 'long unsigned int', but argument 6 has type 'size_t' {aka 'long long unsigned int'} [-Wformat=]
     reg-lib/cpu/_reg_maths.cpp:297:97: warning: format '%lu' expects argument of type 'long unsigned int', but argument 3 has type 'size_t' {aka 'long long unsigned int'} [-Wformat=]
     reg-lib/cpu/_reg_maths.cpp:297:101: warning: format '%lu' expects argument of type 'long unsigned int', but argument 4 has type 'size_t' {aka 'long long unsigned int'} [-Wformat=]
     reg-lib/cpu/_reg_maths.cpp:297:107: warning: format '%lu' expects argument of type 'long unsigned int', but argument 5 has type 'size_t' {aka 'long long unsigned int'} [-Wformat=]
     reg-lib/cpu/_reg_maths.cpp:297:111: warning: format '%lu' expects argument of type 'long unsigned int', but argument 6 has type 'size_t' {aka 'long long unsigned int'} [-Wformat=]
     reg-lib/cpu/_reg_maths.cpp:319:97: warning: format '%lu' expects argument of type 'long unsigned int', but argument 3 has type 'size_t' {aka 'long long unsigned int'} [-Wformat=]
     reg-lib/cpu/_reg_maths.cpp:319:101: warning: format '%lu' expects argument of type 'long unsigned int', but argument 4 has type 'size_t' {aka 'long long unsigned int'} [-Wformat=]
     reg-lib/cpu/_reg_maths.cpp:319:107: warning: format '%lu' expects argument of type 'long unsigned int', but argument 5 has type 'size_t' {aka 'long long unsigned int'} [-Wformat=]
     reg-lib/cpu/_reg_maths.cpp:319:111: warning: format '%lu' expects argument of type 'long unsigned int', but argument 6 has type 'size_t' {aka 'long long unsigned int'} [-Wformat=]
     reg-lib/cpu/_reg_maths_eigen.cpp:193:71: warning: format '%lu' expects argument of type 'long unsigned int', but argument 3 has type 'size_t' {aka 'long long unsigned int'} [-Wformat=]
     reg-lib/cpu/_reg_maths_eigen.cpp:193:75: warning: format '%lu' expects argument of type 'long unsigned int', but argument 4 has type 'size_t' {aka 'long long unsigned int'} [-Wformat=]
Flavor: r-devel-windows-x86_64