CRAN Package Check Results for Package RNCBIEUtilsLibs

Last updated on 2022-10-05 00:52:52 CEST.

Flavor Version Tinstall Tcheck Ttotal Status Flags
r-devel-linux-x86_64-debian-clang 0.9 4.27 36.95 41.22 NOTE
r-devel-linux-x86_64-debian-gcc 0.9 3.64 27.86 31.50 NOTE
r-devel-linux-x86_64-fedora-clang 0.9 59.56 NOTE
r-devel-linux-x86_64-fedora-gcc 0.9 61.53 NOTE
r-devel-windows-x86_64 0.9 17.00 59.00 76.00 NOTE
r-patched-linux-x86_64 0.9 4.27 35.47 39.74 NOTE
r-release-linux-x86_64 0.9 4.27 34.54 38.81 NOTE
r-release-macos-arm64 0.9 16.00 NOTE
r-release-macos-x86_64 0.9 29.00 NOTE
r-release-windows-x86_64 0.9 8.00 59.00 67.00 NOTE
r-oldrel-macos-arm64 0.9 27.00 NOTE
r-oldrel-macos-x86_64 0.9 39.00 NOTE
r-oldrel-windows-ix86+x86_64 0.9 10.00 53.00 63.00 NOTE

Check Details

Version: 0.9
Check: DESCRIPTION meta-information
Result: NOTE
    Malformed Title field: should not end in a period.
Flavors: r-devel-linux-x86_64-debian-clang, r-devel-linux-x86_64-debian-gcc, r-devel-linux-x86_64-fedora-clang, r-devel-linux-x86_64-fedora-gcc, r-devel-windows-x86_64, r-patched-linux-x86_64, r-release-linux-x86_64, r-release-macos-arm64, r-release-macos-x86_64, r-release-windows-x86_64, r-oldrel-macos-arm64, r-oldrel-macos-x86_64, r-oldrel-windows-ix86+x86_64

Version: 0.9
Check: installed package size
Result: NOTE
     installed size is 12.2Mb
     sub-directories of 1Mb or more:
     java 12.1Mb
Flavors: r-devel-linux-x86_64-fedora-clang, r-devel-windows-x86_64, r-release-macos-arm64, r-release-macos-x86_64, r-release-windows-x86_64, r-oldrel-macos-arm64, r-oldrel-macos-x86_64, r-oldrel-windows-ix86+x86_64

Version: 0.9
Check: dependencies in R code
Result: NOTE
    Namespace in Imports field not imported from: ‘methods’
     All declared Imports should be used.
Flavors: r-devel-linux-x86_64-fedora-clang, r-devel-linux-x86_64-fedora-gcc, r-release-macos-arm64, r-release-macos-x86_64, r-oldrel-macos-arm64, r-oldrel-macos-x86_64