CRAN Package Check Results for Package RMTstat

Last updated on 2020-09-22 14:05:08 CEST.

Flavor Version Tinstall Tcheck Ttotal Status Flags
r-devel-linux-x86_64-debian-clang 0.3 1.94 21.47 23.41 NOTE
r-devel-linux-x86_64-debian-gcc 0.3 1.83 16.63 18.46 NOTE
r-devel-linux-x86_64-fedora-clang 0.3 38.39 NOTE
r-devel-linux-x86_64-fedora-gcc 0.3 28.48 NOTE
r-devel-windows-ix86+x86_64 0.3 5.00 30.00 35.00 NOTE
r-patched-linux-x86_64 0.3 2.18 20.99 23.17 NOTE
r-patched-solaris-x86 0.3 43.20 NOTE
r-release-linux-x86_64 0.3 2.09 21.36 23.45 NOTE
r-release-macos-x86_64 0.3 NOTE
r-release-windows-ix86+x86_64 0.3 5.00 32.00 37.00 NOTE
r-oldrel-macos-x86_64 0.3 NOTE
r-oldrel-windows-ix86+x86_64 0.3 4.00 39.00 43.00 NOTE

Check Details

Version: 0.3
Check: R code for possible problems
Result: NOTE
    dWishartSpike: no visible global function definition for 'dnorm'
    pWishartSpike: no visible global function definition for 'pnorm'
    qWishartSpike: no visible global function definition for 'qnorm'
    rWishartSpike: no visible global function definition for 'qnorm'
    rmp: no visible global function definition for 'runif'
    rtw: no visible global function definition for 'runif'
    Undefined global functions or variables:
     dnorm pnorm qnorm runif
    Consider adding
     importFrom("stats", "dnorm", "pnorm", "qnorm", "runif")
    to your NAMESPACE file.
Flavors: r-devel-linux-x86_64-debian-clang, r-devel-linux-x86_64-debian-gcc, r-devel-linux-x86_64-fedora-clang, r-devel-linux-x86_64-fedora-gcc, r-devel-windows-ix86+x86_64, r-patched-linux-x86_64, r-patched-solaris-x86, r-release-linux-x86_64, r-release-macos-x86_64, r-release-windows-ix86+x86_64, r-oldrel-macos-x86_64, r-oldrel-windows-ix86+x86_64