CRAN Package Check Results for Package RKelly

Last updated on 2024-06-15 00:54:16 CEST.

Flavor Version Tinstall Tcheck Ttotal Status Flags
r-devel-linux-x86_64-debian-clang 1.0 1.87 28.10 29.97 NOTE
r-devel-linux-x86_64-debian-gcc 1.0 1.69 21.96 23.65 NOTE
r-devel-linux-x86_64-fedora-clang 1.0 38.82 NOTE
r-devel-linux-x86_64-fedora-gcc 1.0 49.13 NOTE
r-devel-windows-x86_64 1.0 3.00 44.00 47.00 NOTE
r-patched-linux-x86_64 1.0 1.69 27.53 29.22 NOTE
r-release-linux-x86_64 1.0 2.13 26.37 28.50 NOTE
r-release-macos-arm64 1.0 20.00 NOTE
r-release-macos-x86_64 1.0 37.00 NOTE
r-release-windows-x86_64 1.0 2.00 45.00 47.00 NOTE
r-oldrel-macos-arm64 1.0 21.00 NOTE
r-oldrel-macos-x86_64 1.0 29.00 NOTE
r-oldrel-windows-x86_64 1.0 4.00 47.00 51.00 NOTE

Check Details

Version: 1.0
Check: LazyData
Result: NOTE 'LazyData' is specified without a 'data' directory Flavors: r-devel-linux-x86_64-debian-clang, r-devel-linux-x86_64-debian-gcc, r-devel-linux-x86_64-fedora-clang, r-devel-linux-x86_64-fedora-gcc, r-devel-windows-x86_64, r-patched-linux-x86_64, r-release-linux-x86_64, r-release-macos-arm64, r-release-macos-x86_64, r-release-windows-x86_64, r-oldrel-macos-arm64, r-oldrel-macos-x86_64, r-oldrel-windows-x86_64