Last updated on 2022-08-08 18:52:17 CEST.
Flavor | Version | Tinstall | Tcheck | Ttotal | Status | Flags |
---|---|---|---|---|---|---|
r-devel-linux-x86_64-debian-clang | 2.1.0 | 76.78 | 438.53 | 515.31 | NOTE | |
r-devel-linux-x86_64-debian-gcc | 2.1.0 | 60.99 | 323.60 | 384.59 | NOTE | |
r-devel-linux-x86_64-fedora-clang | 2.1.0 | 362.18 | OK | |||
r-devel-linux-x86_64-fedora-gcc | 2.1.0 | 625.48 | OK | |||
r-devel-windows-x86_64 | 2.1.0 | 415.00 | 488.00 | 903.00 | OK | |
r-patched-linux-x86_64 | 2.1.0 | 65.18 | 421.17 | 486.35 | OK | |
r-release-linux-x86_64 | 2.1.0 | OK | ||||
r-release-macos-arm64 | 2.1.0 | 126.00 | OK | |||
r-release-macos-x86_64 | 2.1.0 | 218.00 | OK | |||
r-release-windows-x86_64 | 2.1.0 | 423.00 | 490.00 | 913.00 | OK | |
r-oldrel-macos-arm64 | 2.1.0 | 139.00 | OK | |||
r-oldrel-macos-x86_64 | 2.1.0 | 213.00 | OK | |||
r-oldrel-windows-ix86+x86_64 | 2.1.0 | 110.00 | 518.00 | 628.00 | NOTE |
Version: 2.1.0
Check: HTML version of manual
Result: NOTE
Found the following math rendering problems:
FitCbmRoc.Rd:49: Undefined control sequence: \eqn in N(\eqn{mu},1)
Flavors: r-devel-linux-x86_64-debian-clang, r-devel-linux-x86_64-debian-gcc
Version: 2.1.0
Check: installed package size
Result: NOTE
installed size is 5.3Mb
sub-directories of 1Mb or more:
extdata 1.6Mb
libs 2.2Mb
Flavor: r-oldrel-windows-ix86+x86_64