CRAN Package Check Results for Package RJDemetra

Last updated on 2020-08-05 13:49:34 CEST.

Flavor Version Tinstall Tcheck Ttotal Status Flags
r-devel-linux-x86_64-debian-clang 0.1.5 11.00 73.92 84.92 OK
r-devel-linux-x86_64-debian-gcc 0.1.5 9.81 54.94 64.75 OK
r-devel-linux-x86_64-fedora-clang 0.1.5 109.59 NOTE
r-devel-linux-x86_64-fedora-gcc 0.1.5 101.60 OK
r-devel-windows-ix86+x86_64 0.1.5 25.00 77.00 102.00 NOTE
r-patched-linux-x86_64 0.1.5 11.69 72.25 83.94 OK
r-release-linux-x86_64 0.1.5 11.51 73.01 84.52 OK
r-release-macos-x86_64 0.1.5 NOTE
r-release-windows-ix86+x86_64 0.1.5 26.00 86.00 112.00 NOTE
r-oldrel-macos-x86_64 0.1.5 NOTE
r-oldrel-windows-ix86+x86_64 0.1.5 16.00 62.00 78.00 NOTE

Check Details

Version: 0.1.5
Check: installed package size
Result: NOTE
     installed size is 5.1Mb
     sub-directories of 1Mb or more:
     java 4.4Mb
Flavors: r-devel-linux-x86_64-fedora-clang, r-devel-windows-ix86+x86_64, r-release-macos-x86_64, r-release-windows-ix86+x86_64, r-oldrel-macos-x86_64, r-oldrel-windows-ix86+x86_64