Last updated on 2022-08-09 12:53:35 CEST.
Flavor | Version | Tinstall | Tcheck | Ttotal | Status | Flags |
---|---|---|---|---|---|---|
r-devel-linux-x86_64-debian-clang | 0.1.0 | 5.06 | 42.45 | 47.51 | NOTE | |
r-devel-linux-x86_64-debian-gcc | 0.1.0 | 4.02 | 32.16 | 36.18 | NOTE | |
r-devel-linux-x86_64-fedora-clang | 0.1.0 | 64.72 | NOTE | |||
r-devel-linux-x86_64-fedora-gcc | 0.1.0 | 67.34 | NOTE | |||
r-devel-windows-x86_64 | 0.1.0 | 76.00 | 73.00 | 149.00 | NOTE | |
r-patched-linux-x86_64 | 0.1.0 | 5.69 | 38.28 | 43.97 | NOTE | |
r-release-linux-x86_64 | 0.1.0 | NOTE | ||||
r-release-macos-arm64 | 0.1.0 | 23.00 | NOTE | |||
r-release-macos-x86_64 | 0.1.0 | 31.00 | NOTE | |||
r-release-windows-x86_64 | 0.1.0 | 95.00 | 70.00 | 165.00 | NOTE | |
r-oldrel-macos-arm64 | 0.1.0 | 25.00 | NOTE | |||
r-oldrel-macos-x86_64 | 0.1.0 | 39.00 | NOTE | |||
r-oldrel-windows-ix86+x86_64 | 0.1.0 | 11.00 | 60.00 | 71.00 | NOTE |
Version: 0.1.0
Check: LazyData
Result: NOTE
'LazyData' is specified without a 'data' directory
Flavors: r-devel-linux-x86_64-debian-clang, r-devel-linux-x86_64-debian-gcc, r-devel-linux-x86_64-fedora-clang, r-devel-linux-x86_64-fedora-gcc, r-devel-windows-x86_64, r-patched-linux-x86_64, r-release-linux-x86_64, r-release-macos-arm64, r-release-macos-x86_64, r-release-windows-x86_64, r-oldrel-macos-arm64, r-oldrel-macos-x86_64, r-oldrel-windows-ix86+x86_64