CRAN Package Check Results for Package RGreenplum

Last updated on 2022-09-28 12:55:28 CEST.

Flavor Version Tinstall Tcheck Ttotal Status Flags
r-devel-linux-x86_64-debian-clang 0.1.2 7.48 45.52 53.00 NOTE
r-devel-linux-x86_64-debian-gcc 0.1.2 5.78 35.86 41.64 NOTE
r-devel-linux-x86_64-fedora-clang 0.1.2 76.45 NOTE
r-devel-linux-x86_64-fedora-gcc 0.1.2 75.91 NOTE
r-devel-windows-x86_64 0.1.2 20.00 73.00 93.00 NOTE
r-patched-linux-x86_64 0.1.2 6.50 44.33 50.83 NOTE
r-release-linux-x86_64 0.1.2 6.46 44.26 50.72 NOTE
r-release-macos-arm64 0.1.2 21.00 NOTE
r-release-macos-x86_64 0.1.2 33.00 NOTE
r-release-windows-x86_64 0.1.2 24.00 73.00 97.00 NOTE
r-oldrel-macos-arm64 0.1.2 27.00 NOTE
r-oldrel-macos-x86_64 0.1.2 39.00 NOTE
r-oldrel-windows-ix86+x86_64 0.1.2 16.00 69.00 85.00 NOTE

Check Details

Version: 0.1.2
Check: LazyData
Result: NOTE
     'LazyData' is specified without a 'data' directory
Flavors: r-devel-linux-x86_64-debian-clang, r-devel-linux-x86_64-debian-gcc, r-devel-linux-x86_64-fedora-clang, r-devel-linux-x86_64-fedora-gcc, r-devel-windows-x86_64, r-patched-linux-x86_64, r-release-linux-x86_64, r-release-macos-arm64, r-release-macos-x86_64, r-release-windows-x86_64, r-oldrel-macos-arm64, r-oldrel-macos-x86_64, r-oldrel-windows-ix86+x86_64