CRAN Package Check Results for Package RGENERATEPREC

Last updated on 2020-05-28 07:48:06 CEST.

Flavor Version Tinstall Tcheck Ttotal Status Flags
r-devel-linux-x86_64-debian-clang 1.2.5 10.75 246.54 257.29 OK
r-devel-linux-x86_64-debian-gcc 1.2.5 8.45 177.86 186.31 OK
r-devel-linux-x86_64-fedora-clang 1.2.5 301.03 OK
r-devel-linux-x86_64-fedora-gcc 1.2.5 292.96 OK
r-devel-windows-ix86+x86_64 1.2.5 31.00 343.00 374.00 OK
r-patched-linux-x86_64 1.2.5 9.65 237.84 247.49 OK
r-patched-solaris-x86 1.2.5 215.10 WARN
r-release-linux-x86_64 1.2.5 10.68 238.29 248.97 OK
r-release-osx-x86_64 1.2.5 OK
r-release-windows-ix86+x86_64 1.2.5 20.00 395.00 415.00 OK
r-oldrel-osx-x86_64 1.2.5 WARN
r-oldrel-windows-ix86+x86_64 1.2.5 20.00 279.00 299.00 OK

Check Details

Version: 1.2.5
Check: re-building of vignette outputs
Result: WARN
    Error(s) in re-building vignettes:
     ...
    --- re-building ‘precipitation_stochastic_generation_v6.Rmd’ using rmarkdown
    Warning in engine$weave(file, quiet = quiet, encoding = enc) :
     Pandoc (>= 1.12.3) and/or pandoc-citeproc not available. Falling back to R Markdown v1.
    Loading required package: copula
    Loading required package: RGENERATE
    Loading required package: RMAWGEN
    Loading required package: chron
    NOTE: The default cutoff when expanding a 2-digit year
    to a 4-digit year will change from 30 to 69 by Aug 2020
    (as for Date and POSIXct in base R.)
    Loading required package: date
    Loading required package: vars
    Loading required package: MASS
    Loading required package: strucchange
    Loading required package: zoo
    
    Attaching package: 'zoo'
    
    The following objects are masked from 'package:base':
    
     as.Date, as.Date.numeric
    
    Loading required package: sandwich
    Loading required package: urca
    Loading required package: lmtest
    
    Attaching package: 'vars'
    
    The following object is masked from 'package:copula':
    
     A
    
    Loading required package: blockmatrix
    Loading required package: Matrix
    Loading required package: stringr
    
    Attaching package: 'stringr'
    
    The following object is masked from 'package:strucchange':
    
     boundary
    
    
    Attaching package: 'lubridate'
    
    The following objects are masked from 'package:chron':
    
     days, hours, minutes, seconds, years
    
    The following object is masked from 'package:copula':
    
     interval
    
    The following objects are masked from 'package:base':
    
     date, intersect, setdiff, union
    
    Quitting from lines 50-63 (precipitation_stochastic_generation_v6.Rmd)
    Error: processing vignette 'precipitation_stochastic_generation_v6.Rmd' failed with diagnostics:
    there is no package called 'webshot'
    --- failed re-building ‘precipitation_stochastic_generation_v6.Rmd’
    
    SUMMARY: processing the following file failed:
     ‘precipitation_stochastic_generation_v6.Rmd’
    
    Error: Vignette re-building failed.
    Execution halted
Flavor: r-patched-solaris-x86

Version: 1.2.5
Check: re-building of vignette outputs
Result: WARN
    Error(s) in re-building vignettes:
    --- re-building ‘precipitation_stochastic_generation_v6.Rmd’ using rmarkdown
    Warning in engine$weave(file, quiet = quiet, encoding = enc) :
     Pandoc (>= 1.12.3) and/or pandoc-citeproc not available. Falling back to R Markdown v1.
    Loading required package: copula
    Loading required package: RGENERATE
    Loading required package: RMAWGEN
    Loading required package: chron
    Loading required package: date
    Loading required package: vars
    Loading required package: MASS
    Loading required package: strucchange
    Loading required package: zoo
    
    Attaching package: 'zoo'
    
    The following objects are masked from 'package:base':
    
     as.Date, as.Date.numeric
    
    Loading required package: sandwich
    Loading required package: urca
    Loading required package: lmtest
    
    Attaching package: 'vars'
    
    The following object is masked from 'package:copula':
    
     A
    
    Loading required package: blockmatrix
    Loading required package: Matrix
    Loading required package: stringr
    
    Attaching package: 'stringr'
    
    The following object is masked from 'package:strucchange':
    
     boundary
    
    
    Attaching package: 'lubridate'
    
    The following objects are masked from 'package:chron':
    
     days, hours, minutes, seconds, years
    
    The following object is masked from 'package:copula':
    
     interval
    
    The following object is masked from 'package:base':
    
     date
    
    PhantomJS not found. You can install it with webshot::install_phantomjs(). If it is installed, please make sure the phantomjs executable can be found via the PATH variable.
    Warning in normalizePath(f2) :
     path[1]="webshotd57a81394d3.png": No such file or directory
    Warning in file(con, "rb") :
     cannot open file 'webshotd57a81394d3.png': No such file or directory
    Quitting from lines 50-63 (precipitation_stochastic_generation_v6.Rmd)
    Error: processing vignette 'precipitation_stochastic_generation_v6.Rmd' failed with diagnostics:
    cannot open the connection
    --- failed re-building ‘precipitation_stochastic_generation_v6.Rmd’
    
    SUMMARY: processing the following file failed:
     ‘precipitation_stochastic_generation_v6.Rmd’
    
    Error: Vignette re-building failed.
    Execution halted
Flavor: r-oldrel-osx-x86_64