CRAN Package Check Results for Package REPLesentR

Last updated on 2022-11-27 06:53:06 CET.

Flavor Version Tinstall Tcheck Ttotal Status Flags
r-devel-linux-x86_64-debian-clang 0.4.1 4.45 43.43 47.88 NOTE
r-devel-linux-x86_64-debian-gcc 0.4.1 3.48 32.16 35.64 NOTE
r-devel-linux-x86_64-fedora-clang 0.4.1 69.75 NOTE
r-devel-linux-x86_64-fedora-gcc 0.4.1 64.53 NOTE
r-devel-windows-x86_64 0.4.1 6.00 66.00 72.00 NOTE
r-patched-linux-x86_64 0.4.1 3.74 40.60 44.34 NOTE
r-release-linux-x86_64 0.4.1 3.94 40.46 44.40 NOTE
r-release-macos-arm64 0.4.1 21.00 NOTE
r-release-macos-x86_64 0.4.1 30.00 NOTE
r-release-windows-x86_64 0.4.1 13.00 71.00 84.00 NOTE
r-oldrel-macos-arm64 0.4.1 25.00 NOTE
r-oldrel-macos-x86_64 0.4.1 35.00 NOTE
r-oldrel-windows-ix86+x86_64 0.4.1 10.00 67.00 77.00 NOTE

Check Details

Version: 0.4.1
Check: LazyData
Result: NOTE
     'LazyData' is specified without a 'data' directory
Flavors: r-devel-linux-x86_64-debian-clang, r-devel-linux-x86_64-debian-gcc, r-devel-linux-x86_64-fedora-clang, r-devel-linux-x86_64-fedora-gcc, r-devel-windows-x86_64, r-patched-linux-x86_64, r-release-linux-x86_64, r-release-macos-arm64, r-release-macos-x86_64, r-release-windows-x86_64, r-oldrel-macos-arm64, r-oldrel-macos-x86_64, r-oldrel-windows-ix86+x86_64