CRAN Package Check Results for Package REDCapR

Last updated on 2021-04-09 19:49:38 CEST.

Flavor Version Tinstall Tcheck Ttotal Status Flags
r-devel-linux-x86_64-debian-clang 0.11.0 4.64 56.33 60.97 NOTE
r-devel-linux-x86_64-debian-gcc 0.11.0 4.31 43.82 48.13 NOTE
r-devel-linux-x86_64-fedora-clang 0.11.0 83.58 NOTE
r-devel-linux-x86_64-fedora-gcc 0.11.0 70.70 NOTE
r-devel-windows-ix86+x86_64 0.11.0 8.00 89.00 97.00 NOTE
r-devel-windows-x86_64-gcc10-UCRT 0.11.0 NOTE
r-patched-linux-x86_64 0.11.0 4.30 55.05 59.35 OK
r-patched-solaris-x86 0.11.0 102.30 OK
r-release-linux-x86_64 0.11.0 OK
r-release-macos-x86_64 0.11.0 OK
r-release-windows-ix86+x86_64 0.11.0 18.00 103.00 121.00 OK
r-oldrel-macos-x86_64 0.11.0 OK
r-oldrel-windows-ix86+x86_64 0.11.0 7.00 96.00 103.00 OK

Check Details

Version: 0.11.0
Check: LazyData
Result: NOTE
     'LazyData' is specified without a 'data' directory
Flavors: r-devel-linux-x86_64-debian-clang, r-devel-linux-x86_64-debian-gcc, r-devel-linux-x86_64-fedora-clang, r-devel-linux-x86_64-fedora-gcc, r-devel-windows-ix86+x86_64, r-devel-windows-x86_64-gcc10-UCRT