CRAN Package Check Results for Package RDota2

Last updated on 2024-06-14 12:57:48 CEST.

Flavor Version Tinstall Tcheck Ttotal Status Flags
r-devel-linux-x86_64-debian-clang 0.1.6 1.96 35.63 37.59 NOTE
r-devel-linux-x86_64-debian-gcc 0.1.6 1.97 27.04 29.01 NOTE
r-devel-linux-x86_64-fedora-clang 0.1.6 48.75 NOTE
r-devel-linux-x86_64-fedora-gcc 0.1.6 57.88 NOTE
r-devel-windows-x86_64 0.1.6 3.00 58.00 61.00 NOTE
r-patched-linux-x86_64 0.1.6 3.14 33.00 36.14 NOTE
r-release-linux-x86_64 0.1.6 2.21 33.42 35.63 NOTE
r-release-macos-arm64 0.1.6 26.00 NOTE
r-release-macos-x86_64 0.1.6 35.00 NOTE
r-release-windows-x86_64 0.1.6 3.00 57.00 60.00 NOTE
r-oldrel-macos-arm64 0.1.6 27.00 NOTE
r-oldrel-macos-x86_64 0.1.6 33.00 NOTE
r-oldrel-windows-x86_64 0.1.6 4.00 56.00 60.00 NOTE

Check Details

Version: 0.1.6
Check: LazyData
Result: NOTE 'LazyData' is specified without a 'data' directory Flavors: r-devel-linux-x86_64-debian-clang, r-devel-linux-x86_64-debian-gcc, r-devel-linux-x86_64-fedora-clang, r-devel-linux-x86_64-fedora-gcc, r-devel-windows-x86_64, r-patched-linux-x86_64, r-release-linux-x86_64, r-release-macos-arm64, r-release-macos-x86_64, r-release-windows-x86_64, r-oldrel-macos-arm64, r-oldrel-macos-x86_64, r-oldrel-windows-x86_64