CRAN Package Check Results for Package RClickhouse

Last updated on 2022-09-28 06:54:16 CEST.

Flavor Version Tinstall Tcheck Ttotal Status Flags
r-devel-linux-x86_64-debian-clang 0.6.4 100.90 71.19 172.09 OK
r-devel-linux-x86_64-debian-gcc 0.6.4 88.42 52.97 141.39 OK
r-devel-linux-x86_64-fedora-clang 0.6.4 282.76 OK
r-devel-linux-x86_64-fedora-gcc 0.6.4 246.74 OK
r-devel-windows-x86_64 0.6.4 336.00 128.00 464.00 OK
r-patched-linux-x86_64 0.6.4 97.32 67.06 164.38 OK
r-release-linux-x86_64 0.6.4 88.71 65.23 153.94 OK
r-release-macos-arm64 0.6.4 72.00 NOTE
r-release-macos-x86_64 0.6.4 90.00 NOTE
r-release-windows-x86_64 0.6.4 190.00 122.00 312.00 OK
r-oldrel-macos-arm64 0.6.4 64.00 NOTE
r-oldrel-macos-x86_64 0.6.4 88.00 NOTE
r-oldrel-windows-ix86+x86_64 0.6.4 277.00 136.00 413.00 OK

Check Details

Version: 0.6.4
Check: installed package size
Result: NOTE
     installed size is 13.1Mb
     sub-directories of 1Mb or more:
     libs 12.7Mb
Flavors: r-release-macos-arm64, r-release-macos-x86_64, r-oldrel-macos-arm64, r-oldrel-macos-x86_64