Last updated on 2022-06-25 07:03:22 CEST.
Flavor | Version | Tinstall | Tcheck | Ttotal | Status | Flags |
---|---|---|---|---|---|---|
r-devel-linux-x86_64-debian-clang | 1.1.1 | 25.66 | 169.35 | 195.01 | OK | |
r-devel-linux-x86_64-debian-gcc | 1.1.1 | 22.52 | 125.81 | 148.33 | OK | |
r-devel-linux-x86_64-fedora-clang | 1.1.1 | 259.20 | WARN | |||
r-devel-linux-x86_64-fedora-gcc | 1.1.1 | 254.18 | WARN | |||
r-devel-windows-x86_64 | 1.1.1 | 38.00 | 209.00 | 247.00 | OK | |
r-patched-linux-x86_64 | 1.1.1 | 22.95 | 161.62 | 184.57 | OK | |
r-release-linux-x86_64 | 1.1.1 | 26.11 | 159.25 | 185.36 | OK | |
r-release-macos-arm64 | 1.1.1 | 77.00 | OK | |||
r-release-macos-x86_64 | 1.1.1 | 118.00 | OK | |||
r-release-windows-x86_64 | 1.1.1 | 44.00 | 213.00 | 257.00 | OK | |
r-oldrel-macos-arm64 | 1.1.1 | 63.00 | OK | |||
r-oldrel-macos-x86_64 | 1.1.1 | 97.00 | OK | |||
r-oldrel-windows-ix86+x86_64 | 1.1.1 | 50.00 | 205.00 | 255.00 | OK |
Version: 1.1.1
Check: package dependencies
Result: WARN
Requires (indirectly) orphaned package: ‘gtools’
Flavors: r-devel-linux-x86_64-fedora-clang, r-devel-linux-x86_64-fedora-gcc