CRAN Package Check Results for Package RCGLS

Last updated on 2022-10-01 07:08:06 CEST.

Flavor Version Tinstall Tcheck Ttotal Status Flags
r-devel-linux-x86_64-debian-clang 1.0.3 26.35 270.37 296.72 NOTE
r-devel-linux-x86_64-debian-gcc 1.0.3 21.68 196.18 217.86 NOTE
r-devel-linux-x86_64-fedora-clang 1.0.3 369.94 NOTE
r-devel-linux-x86_64-fedora-gcc 1.0.3 362.75 NOTE
r-devel-windows-x86_64 1.0.3 26.00 257.00 283.00 NOTE
r-patched-linux-x86_64 1.0.3 23.21 260.63 283.84 NOTE
r-release-linux-x86_64 1.0.3 27.43 258.91 286.34 NOTE
r-release-macos-arm64 1.0.3 67.00 NOTE
r-release-macos-x86_64 1.0.3 101.00 NOTE
r-release-windows-x86_64 1.0.3 28.00 259.00 287.00 NOTE
r-oldrel-macos-arm64 1.0.3 38.00 NOTE
r-oldrel-macos-x86_64 1.0.3 65.00 NOTE
r-oldrel-windows-ix86+x86_64 1.0.3 62.00 259.00 321.00 NOTE

Check Details

Version: 1.0.3
Check: LazyData
Result: NOTE
     'LazyData' is specified without a 'data' directory
Flavors: r-devel-linux-x86_64-debian-clang, r-devel-linux-x86_64-debian-gcc, r-devel-linux-x86_64-fedora-clang, r-devel-linux-x86_64-fedora-gcc, r-devel-windows-x86_64, r-patched-linux-x86_64, r-release-linux-x86_64, r-release-macos-arm64, r-release-macos-x86_64, r-release-windows-x86_64, r-oldrel-macos-arm64, r-oldrel-macos-x86_64, r-oldrel-windows-ix86+x86_64