CRAN Package Check Results for Package RBesT

Last updated on 2022-08-15 12:54:08 CEST.

Flavor Version Tinstall Tcheck Ttotal Status Flags
r-devel-linux-x86_64-debian-clang 1.6-4 158.22 244.56 402.78 NOTE
r-devel-linux-x86_64-debian-gcc 1.6-4 142.78 177.72 320.50 NOTE
r-devel-linux-x86_64-fedora-clang 1.6-4 475.53 NOTE
r-devel-linux-x86_64-fedora-gcc 1.6-4 361.67 NOTE
r-devel-windows-x86_64 1.6-4 147.00 333.00 480.00 NOTE
r-patched-linux-x86_64 1.6-4 138.41 229.31 367.72 NOTE
r-release-linux-x86_64 1.6-4 110.21 228.49 338.70 NOTE
r-release-macos-arm64 1.6-4 143.00 NOTE
r-release-macos-x86_64 1.6-4 212.00 NOTE
r-release-windows-x86_64 1.6-4 134.00 327.00 461.00 NOTE
r-oldrel-macos-arm64 1.6-4 152.00 NOTE
r-oldrel-macos-x86_64 1.6-4 208.00 NOTE
r-oldrel-windows-ix86+x86_64 1.6-4 287.00 378.00 665.00 NOTE

Check Details

Version: 1.6-4
Check: for GNU extensions in Makefiles
Result: NOTE
    GNU make is a SystemRequirements.
Flavors: r-devel-linux-x86_64-debian-clang, r-devel-linux-x86_64-debian-gcc, r-devel-linux-x86_64-fedora-clang, r-devel-linux-x86_64-fedora-gcc, r-devel-windows-x86_64, r-patched-linux-x86_64, r-release-linux-x86_64, r-release-macos-arm64, r-release-macos-x86_64, r-release-windows-x86_64, r-oldrel-macos-arm64, r-oldrel-macos-x86_64, r-oldrel-windows-ix86+x86_64

Version: 1.6-4
Check: installed package size
Result: NOTE
     installed size is 39.6Mb
     sub-directories of 1Mb or more:
     doc 1.7Mb
     libs 37.0Mb
Flavors: r-release-macos-arm64, r-release-macos-x86_64, r-oldrel-macos-arm64, r-oldrel-macos-x86_64, r-oldrel-windows-ix86+x86_64