Last updated on 2022-08-19 06:52:32 CEST.
Flavor | Version | Tinstall | Tcheck | Ttotal | Status | Flags |
---|---|---|---|---|---|---|
r-devel-linux-x86_64-debian-clang | 0.1.9 | 15.82 | 327.25 | 343.07 | NOTE | |
r-devel-linux-x86_64-debian-gcc | 0.1.9 | 11.54 | 232.36 | 243.90 | NOTE | |
r-devel-linux-x86_64-fedora-clang | 0.1.9 | 409.41 | NOTE | |||
r-devel-linux-x86_64-fedora-gcc | 0.1.9 | 419.64 | NOTE | |||
r-devel-windows-x86_64 | 0.1.9 | 26.00 | 378.00 | 404.00 | NOTE | |
r-patched-linux-x86_64 | 0.1.9 | 13.41 | 305.47 | 318.88 | OK | |
r-release-linux-x86_64 | 0.1.9 | OK | ||||
r-release-macos-arm64 | 0.1.9 | 113.00 | OK | |||
r-release-macos-x86_64 | 0.1.9 | 173.00 | OK | |||
r-release-windows-x86_64 | 0.1.9 | 19.00 | 377.00 | 396.00 | OK | |
r-oldrel-macos-arm64 | 0.1.9 | 118.00 | OK | |||
r-oldrel-macos-x86_64 | 0.1.9 | 133.00 | OK | |||
r-oldrel-windows-ix86+x86_64 | 0.1.9 | 29.00 | 383.00 | 412.00 | OK |
Version: 0.1.9
Check: HTML version of manual
Result: NOTE
Found the following math rendering problems:
RPT.Rd:47: Can't use function '$' in math mode in \sigma^2(P)$ when $X_1,\dot...
Flavors: r-devel-linux-x86_64-debian-clang, r-devel-linux-x86_64-debian-gcc, r-devel-linux-x86_64-fedora-clang, r-devel-linux-x86_64-fedora-gcc, r-devel-windows-x86_64