CRAN Package Check Results for Package RANKS

Last updated on 2020-12-04 19:48:38 CET.

Flavor Version Tinstall Tcheck Ttotal Status Flags
r-devel-linux-x86_64-debian-clang 1.0 8.08 83.14 91.22 OK
r-devel-linux-x86_64-debian-gcc 1.0 6.44 64.61 71.05 OK
r-devel-linux-x86_64-fedora-clang 1.0 120.36 NOTE
r-devel-linux-x86_64-fedora-gcc 1.0 108.86 NOTE
r-devel-windows-ix86+x86_64 1.0 16.00 158.00 174.00 OK
r-patched-linux-x86_64 1.0 7.41 80.06 87.47 OK
r-patched-solaris-x86 1.0 197.10 OK
r-release-linux-x86_64 1.0 7.28 79.98 87.26 OK
r-release-macos-x86_64 1.0 OK
r-release-windows-ix86+x86_64 1.0 16.00 158.00 174.00 OK
r-oldrel-macos-x86_64 1.0 OK
r-oldrel-windows-ix86+x86_64 1.0 17.00 159.00 176.00 OK

Check Details

Version: 1.0
Check: compiled code
Result: NOTE
    File ‘RANKS/libs/RANKS.so’:
     Found no calls to: ‘R_registerRoutines’, ‘R_useDynamicSymbols’
    
    It is good practice to register native routines and to disable symbol
    search.
    
    See ‘Writing portable packages’ in the ‘Writing R Extensions’ manual.
Flavors: r-devel-linux-x86_64-fedora-clang, r-devel-linux-x86_64-fedora-gcc