CRAN Package Check Results for Package RAMpath

Last updated on 2020-10-29 13:48:53 CET.

Flavor Version Tinstall Tcheck Ttotal Status Flags
r-devel-linux-x86_64-debian-clang 0.4 5.73 53.88 59.61 NOTE
r-devel-linux-x86_64-debian-gcc 0.4 5.28 40.61 45.89 NOTE
r-devel-linux-x86_64-fedora-clang 0.4 80.17 NOTE
r-devel-linux-x86_64-fedora-gcc 0.4 75.34 NOTE
r-devel-windows-ix86+x86_64 0.4 12.00 73.00 85.00 OK
r-patched-linux-x86_64 0.4 6.91 50.36 57.27 NOTE
r-patched-solaris-x86 0.4 95.30 NOTE
r-release-linux-x86_64 0.4 6.13 49.92 56.05 NOTE
r-release-macos-x86_64 0.4 OK
r-release-windows-ix86+x86_64 0.4 10.00 66.00 76.00 OK
r-oldrel-macos-x86_64 0.4 OK
r-oldrel-windows-ix86+x86_64 0.4 38.00 66.00 104.00 OK

Check Details

Version: 0.4
Check: for non-standard things in the check directory
Result: NOTE
    Found the following files/directories:
     'blcs.dot' 'ex1.dot' 'ex1bridge1.dot' 'ex1bridge2.dot'
     'ex1bridge3.dot' 'ex1effect1.dot' 'ex1effect2.dot' 'gcmlinear.dot'
     'latent.dot' 'lcs.dot' 'mimic.dot'
Flavors: r-devel-linux-x86_64-debian-clang, r-devel-linux-x86_64-debian-gcc, r-patched-linux-x86_64, r-release-linux-x86_64

Version: 0.4
Check: for non-standard things in the check directory
Result: NOTE
    Found the following files/directories:
     ‘blcs.dot’ ‘blcs.pdf’ ‘ex1.dot’ ‘ex1.pdf’ ‘ex1bridge1.dot’
     ‘ex1bridge1.pdf’ ‘ex1bridge2.dot’ ‘ex1bridge2.pdf’ ‘ex1bridge3.dot’
     ‘ex1bridge3.pdf’ ‘ex1effect1.dot’ ‘ex1effect1.pdf’ ‘ex1effect2.dot’
     ‘ex1effect2.pdf’ ‘gcmlinear.dot’ ‘gcmlinear.pdf’ ‘latent.dot’
     ‘latent.pdf’ ‘lcs.dot’ ‘lcs.pdf’ ‘mimic.dot’ ‘mimic.pdf’
Flavors: r-devel-linux-x86_64-fedora-clang, r-devel-linux-x86_64-fedora-gcc, r-patched-solaris-x86