CRAN Package Check Results for Package RAM

Last updated on 2020-09-21 07:56:11 CEST.

Flavor Version Tinstall Tcheck Ttotal Status Flags
r-devel-linux-x86_64-debian-clang 1.2.1.7 23.12 185.18 208.30 OK
r-devel-linux-x86_64-debian-gcc 1.2.1.7 18.58 138.62 157.20 OK
r-devel-linux-x86_64-fedora-clang 1.2.1.7 299.98 OK
r-devel-linux-x86_64-fedora-gcc 1.2.1.7 293.24 OK
r-devel-windows-ix86+x86_64 1.2.1.7 49.00 205.00 254.00 OK
r-patched-linux-x86_64 1.2.1.7 21.11 179.97 201.08 OK
r-patched-solaris-x86 1.2.1.7 351.70 OK
r-release-linux-x86_64 1.2.1.7 23.36 180.79 204.15 OK
r-release-macos-x86_64 1.2.1.7 NOTE
r-release-windows-ix86+x86_64 1.2.1.7 48.00 244.00 292.00 OK
r-oldrel-macos-x86_64 1.2.1.7 NOTE
r-oldrel-windows-ix86+x86_64 1.2.1.7 31.00 211.00 242.00 OK

Check Details

Version: 1.2.1.7
Check: package dependencies
Result: NOTE
    Package suggested but not available for checking: ‘Heatplus’
Flavors: r-release-macos-x86_64, r-oldrel-macos-x86_64

Version: 1.2.1.7
Check: Rd cross-references
Result: NOTE
    Package unavailable to check Rd xrefs: ‘Heatplus’
Flavors: r-release-macos-x86_64, r-oldrel-macos-x86_64