CRAN Package Check Results for Package RADstackshelpR

Last updated on 2024-06-13 06:58:14 CEST.

Flavor Version Tinstall Tcheck Ttotal Status Flags
r-devel-linux-x86_64-debian-clang 0.1.0 2.66 45.78 48.44 OK
r-devel-linux-x86_64-debian-gcc 0.1.0 0.45 1.86 2.31 ERROR
r-devel-linux-x86_64-fedora-clang 0.1.0 61.16 NOTE
r-devel-linux-x86_64-fedora-gcc 0.1.0 70.18 NOTE
r-devel-windows-x86_64 0.1.0 4.00 54.00 58.00 OK
r-patched-linux-x86_64 0.1.0 2.75 43.01 45.76 OK
r-release-linux-x86_64 0.1.0 1.78 44.17 45.95 OK
r-release-macos-arm64 0.1.0 28.00 OK
r-release-macos-x86_64 0.1.0 42.00 OK
r-release-windows-x86_64 0.1.0 4.00 54.00 58.00 OK
r-oldrel-macos-arm64 0.1.0 32.00 OK
r-oldrel-macos-x86_64 0.1.0 35.00 OK
r-oldrel-windows-x86_64 0.1.0 5.00 60.00 65.00 OK

Check Details

Version: 0.1.0
Check: package dependencies
Result: ERROR Packages required but not available: 'vcfR', 'ggplot2', 'ggridges' See section ‘The DESCRIPTION file’ in the ‘Writing R Extensions’ manual. Flavor: r-devel-linux-x86_64-debian-gcc

Version: 0.1.0
Check: dependencies in R code
Result: NOTE Namespace in Imports field not imported from: ‘gridExtra’ All declared Imports should be used. Flavors: r-devel-linux-x86_64-fedora-clang, r-devel-linux-x86_64-fedora-gcc