Last updated on 2023-12-08 18:55:46 CET.
Flavor | Version | Tinstall | Tcheck | Ttotal | Status | Flags |
---|---|---|---|---|---|---|
r-devel-linux-x86_64-debian-clang | 0.1.1 | 2.19 | 46.03 | 48.22 | OK | |
r-devel-linux-x86_64-debian-gcc | 0.1.1 | 1.94 | 36.69 | 38.63 | OK | |
r-devel-linux-x86_64-fedora-clang | 0.1.1 | 61.18 | NOTE | |||
r-devel-linux-x86_64-fedora-gcc | 0.1.1 | 69.48 | NOTE | |||
r-devel-windows-x86_64 | 0.1.1 | 4.00 | 367.00 | 371.00 | OK | |
r-patched-linux-x86_64 | 0.1.1 | 3.09 | 45.79 | 48.88 | OK | |
r-release-linux-x86_64 | 0.1.1 | 2.83 | 45.58 | 48.41 | OK | |
r-release-macos-arm64 | 0.1.1 | 237.00 | OK | |||
r-release-macos-x86_64 | 0.1.1 | 331.00 | OK | |||
r-release-windows-x86_64 | 0.1.1 | 4.00 | 477.00 | 481.00 | OK | |
r-oldrel-macos-arm64 | 0.1.1 | 179.00 | NOTE | |||
r-oldrel-macos-x86_64 | 0.1.1 | 201.00 | NOTE | |||
r-oldrel-windows-x86_64 | 0.1.1 | 5.00 | 477.00 | 482.00 | OK |
Version: 0.1.1
Check: dependencies in R code
Result: NOTE
Namespaces in Imports field not imported from:
‘asd’ ‘cubature’ ‘data.table’ ‘ggplot2’ ‘multxpert’ ‘survival’
All declared Imports should be used.
Flavors: r-devel-linux-x86_64-fedora-clang, r-devel-linux-x86_64-fedora-gcc, r-oldrel-macos-arm64, r-oldrel-macos-x86_64