CRAN Package Check Results for Package R6P

Last updated on 2022-08-17 06:51:25 CEST.

Flavor Version Tinstall Tcheck Ttotal Status Flags
r-devel-linux-x86_64-debian-clang 0.2.2 3.81 33.03 36.84 NOTE
r-devel-linux-x86_64-debian-gcc 0.2.2 NOTE
r-devel-linux-x86_64-fedora-clang 0.2.2 55.05 NOTE
r-devel-linux-x86_64-fedora-gcc 0.2.2 57.66 NOTE
r-devel-windows-x86_64 0.2.2 11.00 58.00 69.00 OK
r-patched-linux-x86_64 0.2.2 4.34 31.34 35.68 OK
r-release-linux-x86_64 0.2.2 3.66 31.40 35.06 OK
r-release-macos-arm64 0.2.2 20.00 NOTE
r-release-macos-x86_64 0.2.2 29.00 NOTE
r-release-windows-x86_64 0.2.2 12.00 60.00 72.00 OK
r-oldrel-macos-arm64 0.2.2 26.00 NOTE
r-oldrel-macos-x86_64 0.2.2 26.00 NOTE
r-oldrel-windows-ix86+x86_64 0.2.2 9.00 59.00 68.00 OK

Check Details

Version: 0.2.2
Check: HTML version of manual
Result: NOTE
    Found the following HTML validation problems:
    NullObject.html:47:1: Warning: inserting implicit <p>
    NullObject.html:51:1: Warning: inserting implicit <p>
    NullObject.html:56:1: Warning: inserting implicit <p>
    NullObject.html:47:1: Warning: trimming empty <p>
    NullObject.html:51:1: Warning: trimming empty <p>
    NullObject.html:56:1: Warning: trimming empty <p>
    Singleton.html:86:1: Warning: inserting implicit <p>
    Singleton.html:92:1: Warning: inserting implicit <p>
    Singleton.html:86:1: Warning: trimming empty <p>
    Singleton.html:92:1: Warning: trimming empty <p>
    ValueObject.html:61:1: Warning: inserting implicit <p>
    ValueObject.html:98:73: Warning: inserting implicit <p>
    ValueObject.html:110:37: Warning: inserting implicit <p>
    ValueObject.html:115:34: Warning: inserting implicit <p>
    ValueObject.html:182:78: Warning: inserting implicit <p>
    ValueObject.html:270:1: Warning: inserting implicit <p>
    ValueObject.html:61:1: Warning: trimming empty <p>
    ValueObject.html:98:73: Warning: trimming empty <p>
    ValueObject.html:110:37: Warning: trimming empty <p>
    ValueObject.html:115:34: Warning: trimming empty <p>
    ValueObject.html:182:78: Warning: trimming empty <p>
    ValueObject.html:270:1: Warning: trimming empty <p>
Flavors: r-devel-linux-x86_64-debian-clang, r-devel-linux-x86_64-debian-gcc, r-devel-linux-x86_64-fedora-clang, r-devel-linux-x86_64-fedora-gcc

Version: 0.2.2
Check: dependencies in R code
Result: NOTE
    Namespaces in Imports field not imported from:
     ‘R6’ ‘collections’ ‘dplyr’
     All declared Imports should be used.
Flavors: r-devel-linux-x86_64-fedora-clang, r-devel-linux-x86_64-fedora-gcc, r-release-macos-arm64, r-release-macos-x86_64, r-oldrel-macos-arm64, r-oldrel-macos-x86_64