CRAN Package Check Results for Package R2SWF

Last updated on 2020-09-22 14:05:07 CEST.

Flavor Version Tinstall Tcheck Ttotal Status Flags
r-devel-linux-x86_64-debian-clang 0.9-4 28.18 28.67 56.85 OK
r-devel-linux-x86_64-debian-gcc 0.9-4 16.61 22.19 38.80 OK
r-devel-linux-x86_64-fedora-clang 0.9-4 82.00 OK
r-devel-linux-x86_64-fedora-gcc 0.9-4 62.27 OK
r-devel-windows-ix86+x86_64 0.9-4 66.00 57.00 123.00 OK
r-patched-linux-x86_64 0.9-4 18.22 28.03 46.25 OK
r-patched-solaris-x86 0.9-4 87.90 OK
r-release-linux-x86_64 0.9-4 17.35 28.40 45.75 OK
r-release-macos-x86_64 0.9-4 NOTE
r-release-windows-ix86+x86_64 0.9-4 60.00 52.00 112.00 OK
r-oldrel-macos-x86_64 0.9-4 OK
r-oldrel-windows-ix86+x86_64 0.9-4 58.00 56.00 114.00 OK

Check Details

Version: 0.9-4
Check: installed package size
Result: NOTE
     installed size is 5.0Mb
     sub-directories of 1Mb or more:
     libs 4.9Mb
Flavor: r-release-macos-x86_64