CRAN Package Check Results for Package R2OpenBUGS

Last updated on 2024-06-14 12:57:48 CEST.

Flavor Version Tinstall Tcheck Ttotal Status Flags
r-devel-linux-x86_64-debian-clang 3.2-3.2.1 4.06 50.57 54.63 NOTE
r-devel-linux-x86_64-debian-gcc 3.2-3.2.1 3.41 38.06 41.47 NOTE
r-devel-linux-x86_64-fedora-clang 3.2-3.2.1 69.30 NOTE
r-devel-linux-x86_64-fedora-gcc 3.2-3.2.1 78.10 NOTE
r-devel-windows-x86_64 3.2-3.2.1 5.00 78.00 83.00 NOTE
r-patched-linux-x86_64 3.2-3.2.1 5.61 48.69 54.30 NOTE
r-release-linux-x86_64 3.2-3.2.1 3.71 49.13 52.84 NOTE
r-release-macos-arm64 3.2-3.2.1 30.00 NOTE
r-release-macos-x86_64 3.2-3.2.1 49.00 NOTE
r-release-windows-x86_64 3.2-3.2.1 6.00 80.00 86.00 NOTE
r-oldrel-macos-arm64 3.2-3.2.1 31.00 OK
r-oldrel-macos-x86_64 3.2-3.2.1 46.00 OK
r-oldrel-windows-x86_64 3.2-3.2.1 6.00 75.00 81.00 OK

Check Details

Version: 3.2-3.2.1
Check: R code for possible problems
Result: NOTE Found the following calls to attach(): File ‘R2OpenBUGS/R/attach.all.R’: attach(x, name = name) See section ‘Good practice’ in ‘?attach’. Flavors: r-devel-linux-x86_64-debian-clang, r-devel-linux-x86_64-debian-gcc, r-patched-linux-x86_64, r-release-linux-x86_64

Version: 3.2-3.2.1
Check: Rd files
Result: NOTE checkRd: (-1) bugs.Rd:158: Lost braces in \itemize; meant \describe ? checkRd: (-1) bugs.Rd:163: Lost braces in \itemize; meant \describe ? checkRd: (-1) bugs.Rd:164: Lost braces in \itemize; meant \describe ? checkRd: (-1) bugs.Rd:166: Lost braces in \itemize; meant \describe ? Flavors: r-devel-linux-x86_64-debian-clang, r-devel-linux-x86_64-debian-gcc, r-devel-linux-x86_64-fedora-clang, r-devel-linux-x86_64-fedora-gcc, r-devel-windows-x86_64, r-patched-linux-x86_64, r-release-linux-x86_64, r-release-macos-arm64, r-release-macos-x86_64, r-release-windows-x86_64