CRAN Package Check Results for Package R2MLwiN

Last updated on 2020-09-22 14:05:07 CEST.

Flavor Version Tinstall Tcheck Ttotal Status Flags
r-devel-linux-x86_64-debian-clang 0.8-7 55.22 184.63 239.85 OK
r-devel-linux-x86_64-debian-gcc 0.8-7 47.27 136.19 183.46 OK
r-devel-linux-x86_64-fedora-clang 0.8-7 307.64 NOTE
r-devel-linux-x86_64-fedora-gcc 0.8-7 302.98 OK
r-devel-windows-ix86+x86_64 0.8-7 105.00 188.00 293.00 OK
r-patched-linux-x86_64 0.8-7 58.49 178.51 237.00 OK
r-release-linux-x86_64 0.8-7 54.09 178.02 232.11 OK
r-release-macos-x86_64 0.8-7 OK
r-release-windows-ix86+x86_64 0.8-7 103.00 221.00 324.00 OK
r-oldrel-macos-x86_64 0.8-7 OK
r-oldrel-windows-ix86+x86_64 0.8-7 64.00 180.00 244.00 OK

Check Details

Version: 0.8-7
Check: Rd cross-references
Result: NOTE
    Undeclared package ‘generics’ in Rd xrefs
Flavor: r-devel-linux-x86_64-fedora-clang