Last updated on 2023-12-02 00:52:06 CET.
Flavor | Version | Tinstall | Tcheck | Ttotal | Status | Flags |
---|---|---|---|---|---|---|
r-devel-linux-x86_64-debian-clang | 1.0.0 | 25.31 | 156.20 | 181.51 | NOTE | |
r-devel-linux-x86_64-debian-gcc | 1.0.0 | 18.03 | 112.82 | 130.85 | NOTE | |
r-devel-linux-x86_64-fedora-clang | 1.0.0 | 209.62 | NOTE | |||
r-devel-linux-x86_64-fedora-gcc | 1.0.0 | 206.36 | NOTE | |||
r-devel-windows-x86_64 | 1.0.0 | 21.00 | 121.00 | 142.00 | NOTE | |
r-patched-linux-x86_64 | 1.0.0 | 23.47 | 145.20 | 168.67 | NOTE | |
r-release-linux-x86_64 | 1.0.0 | 15.30 | 144.13 | 159.43 | NOTE | |
r-release-macos-arm64 | 1.0.0 | 64.00 | NOTE | |||
r-release-macos-x86_64 | 1.0.0 | 104.00 | NOTE | |||
r-release-windows-x86_64 | 1.0.0 | 29.00 | 146.00 | 175.00 | NOTE | |
r-oldrel-macos-arm64 | 1.0.0 | 62.00 | OK | |||
r-oldrel-macos-x86_64 | 1.0.0 | 107.00 | OK | |||
r-oldrel-windows-x86_64 | 1.0.0 | 29.00 | 148.00 | 177.00 | OK |
Version: 1.0.0
Check: Rd \usage sections
Result: NOTE
Objects in \usage without \alias in Rd file 'Qest-internal.rd':
‘expit’ ‘logit’ ‘pmax0’ ‘num.fun’ ‘format.perc’ ‘Ltau’ ‘minabs’
‘invJ’ ‘tensorX’ ‘buildTau’ ‘callwtau’ ‘callQ’ ‘start.Qest’
‘start.Qest.family’ ‘rq.fit.br2’ ‘Qest.sgs.internal’
‘Qest.gs.internal’ ‘Qest.gs’ ‘Qest.newton’ ‘Qlm.bfun’ ‘start.Qlm’
‘scalevars.Qlm’ ‘descalecoef.Qlm’ ‘Qlm.sgs.internal’
‘Qlm.gs.internal’ ‘Qlm.gs’ ‘Qlm.newton’ ‘plfcox’ ‘scalevars.Qcoxph’
‘descalecoef.Qcoxph’ ‘check.singularities’ ‘starting.points.Qcox’
‘adjust.coef’ ‘agsurv.Qcoxph’ ‘coxsurv.fit.Qcoxph’ ‘seg.lm.fit1’ ‘gs’
‘myg’ ‘dlist’ ‘omega’ ‘choose_eps’ ‘derQtheta’ ‘der2Qtheta’ ‘intA’
‘findp’ ‘findAp’ ‘A_beta_fun’ ‘A_gamma_fun’ ‘A_beta_beta_fun’
‘A_gamma_gamma_mix_fun’ ‘A_gamma_gamma_fun’ ‘A_beta_gamma_fun’
‘coxBB’ ‘derQtheta.gamma’ ‘der2Qtheta.gamma’ ‘findAp.gamma’
‘QestGamma.ee.u’ ‘QestGamma.ee.c’ ‘QestGamma.ee.ct’ ‘tau.pois’
‘ppoisC’ ‘dpoisC’ ‘qpoisC.955’ ‘qpoisC.me’ ‘qpoisC.bisec’ ‘qpoisC’
‘derQtheta.pois’ ‘der2Qtheta.pois’ ‘findp.pois’ ‘findAp.pois’
‘QestPois.ee.u’ ‘QestUnif.ee.u’ ‘QestNorm.ee.u’ ‘QestNorm.ee.c’
‘QestNorm.ee.ct’ ‘Qest.ee.u’ ‘Qest.ee.c’ ‘Qest.ee.ct’ ‘QCox.ee.c’
‘QCox.ee.ct’ ‘Qlm.ee.u’ ‘Qest.covar’ ‘Qcox.covar’ ‘Qlm.covar’ ‘Loss’
‘coxLoss’ ‘qlmLoss’
Functions with \usage entries need to have the appropriate \alias
entries, and all their arguments documented.
The \usage entries must correspond to syntactically valid R code.
See chapter ‘Writing R documentation files’ in the ‘Writing R
Extensions’ manual.
S3 methods shown with full name in Rd file 'Qest-internal.rd':
‘format.perc’
The \usage entries for S3 methods should use the \method markup and not
their full name.
See chapter ‘Writing R documentation files’ in the ‘Writing R
Extensions’ manual.
Flavors: r-devel-linux-x86_64-debian-clang, r-devel-linux-x86_64-debian-gcc, r-devel-linux-x86_64-fedora-clang, r-devel-linux-x86_64-fedora-gcc, r-devel-windows-x86_64
Version: 1.0.0
Check: Rd \usage sections
Result: NOTE
S3 methods shown with full name in documentation object 'internals':
‘format.perc’
The \usage entries for S3 methods should use the \method markup and not
their full name.
See chapter ‘Writing R documentation files’ in the ‘Writing R
Extensions’ manual.
Flavors: r-patched-linux-x86_64, r-release-linux-x86_64, r-release-macos-arm64, r-release-macos-x86_64, r-release-windows-x86_64