CRAN Package Check Results for Package QUALYPSO

Last updated on 2022-11-27 06:53:05 CET.

Flavor Version Tinstall Tcheck Ttotal Status Flags
r-devel-linux-x86_64-debian-clang 2.0 4.80 46.35 51.15 OK
r-devel-linux-x86_64-debian-gcc 2.0 3.58 34.89 38.47 OK
r-devel-linux-x86_64-fedora-clang 2.0 72.33 NOTE
r-devel-linux-x86_64-fedora-gcc 2.0 69.02 NOTE
r-devel-windows-x86_64 2.0 18.00 76.00 94.00 OK
r-patched-linux-x86_64 2.0 4.55 41.65 46.20 OK
r-release-linux-x86_64 2.0 2.77 41.95 44.72 OK
r-release-macos-arm64 2.0 21.00 NOTE
r-release-macos-x86_64 2.0 30.00 NOTE
r-release-windows-x86_64 2.0 23.00 74.00 97.00 OK
r-oldrel-macos-arm64 2.0 21.00 NOTE
r-oldrel-macos-x86_64 2.0 29.00 NOTE
r-oldrel-windows-ix86+x86_64 2.0 11.00 70.00 81.00 OK

Check Details

Version: 2.0
Check: dependencies in R code
Result: NOTE
    Namespace in Imports field not imported from: ‘methods’
     All declared Imports should be used.
Flavors: r-devel-linux-x86_64-fedora-clang, r-devel-linux-x86_64-fedora-gcc, r-release-macos-arm64, r-release-macos-x86_64, r-oldrel-macos-arm64, r-oldrel-macos-x86_64