CRAN Package Check Results for Package ProFound

Last updated on 2022-12-06 06:50:02 CET.

Flavor Version Tinstall Tcheck Ttotal Status Flags
r-devel-linux-x86_64-debian-clang 1.14.1 74.27 113.32 187.59 NOTE
r-devel-linux-x86_64-debian-gcc 1.14.1 55.97 87.46 143.43 NOTE
r-devel-linux-x86_64-fedora-clang 1.14.1 267.68 NOTE
r-devel-linux-x86_64-fedora-gcc 1.14.1 256.20 NOTE
r-devel-windows-x86_64 1.14.1 94.00 180.00 274.00 NOTE
r-patched-linux-x86_64 1.14.1 66.71 107.04 173.75 NOTE
r-release-linux-x86_64 1.14.1 63.95 96.59 160.54 NOTE
r-release-macos-arm64 1.14.1 60.00 NOTE
r-release-macos-x86_64 1.14.1 85.00 NOTE
r-release-windows-x86_64 1.14.1 94.00 188.00 282.00 NOTE
r-oldrel-macos-arm64 1.14.1 123.00 NOTE
r-oldrel-macos-x86_64 1.14.1 136.00 NOTE
r-oldrel-windows-ix86+x86_64 1.14.1 165.00 165.00 330.00 NOTE

Check Details

Version: 1.14.1
Check: package dependencies
Result: NOTE
    Package suggested but not available for checking: 'ProFit'
Flavors: r-devel-linux-x86_64-debian-clang, r-devel-linux-x86_64-debian-gcc, r-devel-linux-x86_64-fedora-clang, r-devel-linux-x86_64-fedora-gcc, r-patched-linux-x86_64, r-release-linux-x86_64

Version: 1.14.1
Check: installed package size
Result: NOTE
     installed size is 5.1Mb
     sub-directories of 1Mb or more:
     data 1.7Mb
     extdata 1.2Mb
     libs 1.2Mb
Flavors: r-devel-windows-x86_64, r-release-macos-arm64, r-release-macos-x86_64, r-release-windows-x86_64, r-oldrel-macos-arm64, r-oldrel-macos-x86_64, r-oldrel-windows-ix86+x86_64

Version: 1.14.1
Check: package dependencies
Result: NOTE
    Package suggested but not available for checking: ‘EBImage’
Flavors: r-release-macos-arm64, r-oldrel-macos-arm64