Last updated on 2022-08-19 00:54:43 CEST.
Flavor | Version | Tinstall | Tcheck | Ttotal | Status | Flags |
---|---|---|---|---|---|---|
r-devel-linux-x86_64-debian-clang | 0.1.0 | 1.96 | 21.32 | 23.28 | OK | |
r-devel-linux-x86_64-debian-gcc | 0.1.0 | 1.72 | 16.82 | 18.54 | OK | |
r-devel-linux-x86_64-fedora-clang | 0.1.0 | 39.54 | NOTE | |||
r-devel-linux-x86_64-fedora-gcc | 0.1.0 | 38.80 | NOTE | |||
r-devel-windows-x86_64 | 0.1.0 | 9.00 | 47.00 | 56.00 | OK | |
r-patched-linux-x86_64 | 0.1.0 | 2.06 | 20.87 | 22.93 | OK | |
r-release-linux-x86_64 | 0.1.0 | OK | ||||
r-release-macos-arm64 | 0.1.0 | 14.00 | NOTE | |||
r-release-macos-x86_64 | 0.1.0 | 26.00 | NOTE | |||
r-release-windows-x86_64 | 0.1.0 | 5.00 | 46.00 | 51.00 | OK | |
r-oldrel-macos-arm64 | 0.1.0 | 18.00 | NOTE | |||
r-oldrel-macos-x86_64 | 0.1.0 | 19.00 | NOTE | |||
r-oldrel-windows-ix86+x86_64 | 0.1.0 | 5.00 | 47.00 | 52.00 | OK |
Version: 0.1.0
Check: dependencies in R code
Result: NOTE
Namespace in Imports field not imported from: ‘ggplot2’
All declared Imports should be used.
Flavors: r-devel-linux-x86_64-fedora-clang, r-devel-linux-x86_64-fedora-gcc, r-release-macos-arm64, r-release-macos-x86_64, r-oldrel-macos-arm64, r-oldrel-macos-x86_64