CRAN Package Check Results for Package PosteriorBootstrap

Last updated on 2022-08-17 06:51:25 CEST.

Flavor Version Tinstall Tcheck Ttotal Status Flags
r-devel-linux-x86_64-debian-clang 0.1.1 4.26 450.26 454.52 OK
r-devel-linux-x86_64-debian-gcc 0.1.1 OK
r-devel-linux-x86_64-fedora-clang 0.1.1 568.24 NOTE
r-devel-linux-x86_64-fedora-gcc 0.1.1 581.32 NOTE
r-devel-windows-x86_64 0.1.1 20.00 66.00 86.00 OK
r-patched-linux-x86_64 0.1.1 5.25 453.16 458.41 OK
r-release-linux-x86_64 0.1.1 4.85 459.96 464.81 OK
r-release-macos-arm64 0.1.1 227.00 NOTE
r-release-macos-x86_64 0.1.1 381.00 NOTE
r-release-windows-x86_64 0.1.1 25.00 66.00 91.00 OK
r-oldrel-macos-arm64 0.1.1 270.00 NOTE
r-oldrel-macos-x86_64 0.1.1 320.00 NOTE
r-oldrel-windows-ix86+x86_64 0.1.1 14.00 59.00 73.00 OK

Check Details

Version: 0.1.1
Check: dependencies in R code
Result: NOTE
    Namespaces in Imports field not imported from:
     ‘Rcpp’ ‘StanHeaders’ ‘dplyr’ ‘ggplot2’ ‘gridExtra’ ‘rstan’ ‘tibble’
     All declared Imports should be used.
Flavors: r-devel-linux-x86_64-fedora-clang, r-devel-linux-x86_64-fedora-gcc, r-release-macos-arm64, r-release-macos-x86_64, r-oldrel-macos-arm64, r-oldrel-macos-x86_64