CRAN Package Check Results for Package PortfolioEffectHFT

Last updated on 2022-08-12 06:49:28 CEST.

Flavor Version Tinstall Tcheck Ttotal Status Flags
r-devel-linux-x86_64-debian-clang 1.8 14.87 105.73 120.60 OK
r-devel-linux-x86_64-debian-gcc 1.8 12.80 78.03 90.83 OK
r-devel-linux-x86_64-fedora-clang 1.8 151.46 NOTE
r-devel-linux-x86_64-fedora-gcc 1.8 151.35 OK
r-devel-windows-x86_64 1.8 32.00 165.00 197.00 NOTE
r-patched-linux-x86_64 1.8 17.70 98.98 116.68 OK
r-release-linux-x86_64 1.8 14.93 100.85 115.78 OK
r-release-macos-arm64 1.8 45.00 NOTE
r-release-macos-x86_64 1.8 87.00 NOTE
r-release-windows-x86_64 1.8 161.00 161.00 322.00 NOTE
r-oldrel-macos-arm64 1.8 69.00 NOTE
r-oldrel-macos-x86_64 1.8 78.00 NOTE
r-oldrel-windows-ix86+x86_64 1.8 33.00 133.00 166.00 NOTE

Check Details

Version: 1.8
Check: installed package size
Result: NOTE
     installed size is 6.4Mb
     sub-directories of 1Mb or more:
     java 5.1Mb
Flavors: r-devel-linux-x86_64-fedora-clang, r-devel-windows-x86_64, r-release-macos-arm64, r-release-macos-x86_64, r-release-windows-x86_64, r-oldrel-macos-arm64, r-oldrel-macos-x86_64, r-oldrel-windows-ix86+x86_64