CRAN Package Check Results for Package PortalHacienda

Last updated on 2021-04-09 19:49:36 CEST.

Flavor Version Tinstall Tcheck Ttotal Status Flags
r-devel-linux-x86_64-debian-clang 0.1.6 2.30 54.40 56.70 NOTE
r-devel-linux-x86_64-debian-gcc 0.1.6 2.24 42.69 44.93 NOTE
r-devel-linux-x86_64-fedora-clang 0.1.6 77.81 NOTE
r-devel-linux-x86_64-fedora-gcc 0.1.6 71.05 NOTE
r-devel-windows-ix86+x86_64 0.1.6 5.00 82.00 87.00 NOTE
r-devel-windows-x86_64-gcc10-UCRT 0.1.6 NOTE
r-patched-linux-x86_64 0.1.6 2.67 56.28 58.95 OK
r-patched-solaris-x86 0.1.6 106.00 NOTE
r-release-linux-x86_64 0.1.6 OK
r-release-macos-x86_64 0.1.6 NOTE
r-release-windows-ix86+x86_64 0.1.6 8.00 94.00 102.00 OK
r-oldrel-macos-x86_64 0.1.6 NOTE
r-oldrel-windows-ix86+x86_64 0.1.6 5.00 92.00 97.00 OK

Check Details

Version: 0.1.6
Check: LazyData
Result: NOTE
     'LazyData' is specified without a 'data' directory
Flavors: r-devel-linux-x86_64-debian-clang, r-devel-linux-x86_64-debian-gcc, r-devel-linux-x86_64-fedora-clang, r-devel-linux-x86_64-fedora-gcc, r-devel-windows-ix86+x86_64, r-devel-windows-x86_64-gcc10-UCRT

Version: 0.1.6
Check: dependencies in R code
Result: NOTE
    Namespace in Imports field not imported from: ‘purrr’
     All declared Imports should be used.
Flavors: r-devel-linux-x86_64-fedora-clang, r-devel-linux-x86_64-fedora-gcc, r-devel-windows-x86_64-gcc10-UCRT, r-patched-solaris-x86, r-release-macos-x86_64, r-oldrel-macos-x86_64